Last updated on 2024-05-09 10:49:50 CEST.
Flavor | Version | Tinstall | Tcheck | Ttotal | Status | Flags |
---|---|---|---|---|---|---|
r-devel-linux-x86_64-debian-clang | 1.1.5 | 19.71 | 84.48 | 104.19 | OK | |
r-devel-linux-x86_64-debian-gcc | 1.1.5 | 12.48 | 61.30 | 73.78 | OK | |
r-devel-linux-x86_64-fedora-clang | 1.1.5 | 124.52 | NOTE | |||
r-devel-linux-x86_64-fedora-gcc | 1.1.5 | 120.68 | OK | |||
r-devel-windows-x86_64 | 1.1.5 | 12.00 | 73.00 | 85.00 | OK | |
r-patched-linux-x86_64 | 1.1.5 | 12.32 | 79.87 | 92.19 | OK | |
r-release-linux-x86_64 | 1.1.5 | 13.01 | 82.32 | 95.33 | OK | |
r-release-macos-arm64 | 1.1.5 | 30.00 | OK | |||
r-release-windows-x86_64 | 1.1.5 | 12.00 | 72.00 | 84.00 | OK | |
r-oldrel-macos-arm64 | 1.1.5 | 38.00 | OK | |||
r-oldrel-macos-x86_64 | 1.1.5 | 95.00 | OK | |||
r-oldrel-windows-x86_64 | 1.1.5 | 16.00 | 87.00 | 103.00 | OK |
Version: 1.1.5
Check: Rd cross-references
Result: NOTE
Undeclared package ‘glmmLasso’ in Rd xrefs
Flavor: r-devel-linux-x86_64-fedora-clang