Last updated on 2025-11-02 10:50:43 CET.
| Flavor | Version | Tinstall | Tcheck | Ttotal | Status | Flags |
|---|---|---|---|---|---|---|
| r-devel-linux-x86_64-debian-clang | 0.7.2 | 6.77 | 64.36 | 71.13 | OK | |
| r-devel-linux-x86_64-debian-gcc | 0.7.2 | 6.06 | 48.64 | 54.70 | OK | |
| r-devel-linux-x86_64-fedora-clang | 0.7.2 | 18.00 | 89.20 | 107.20 | OK | |
| r-devel-linux-x86_64-fedora-gcc | 0.7.2 | 17.00 | 90.04 | 107.04 | OK | |
| r-devel-windows-x86_64 | 0.7.2 | 8.00 | 73.00 | 81.00 | OK | |
| r-patched-linux-x86_64 | 0.7.2 | 9.23 | 62.51 | 71.74 | OK | |
| r-release-linux-x86_64 | 0.7.2 | 8.79 | 64.82 | 73.61 | OK | |
| r-release-macos-arm64 | 0.7.2 | 5.00 | 34.00 | 39.00 | OK | |
| r-release-macos-x86_64 | 0.7.2 | 9.00 | 57.00 | 66.00 | OK | |
| r-release-windows-x86_64 | 0.7.2 | 10.00 | 72.00 | 82.00 | OK | |
| r-oldrel-macos-arm64 | 0.7.2 | 4.00 | 31.00 | 35.00 | NOTE | |
| r-oldrel-macos-x86_64 | 0.7.2 | 6.00 | 44.00 | 50.00 | NOTE | |
| r-oldrel-windows-x86_64 | 0.7.2 | 13.00 | 93.00 | 106.00 | NOTE |
Version: 0.7.2
Check: LazyData
Result: NOTE
'LazyData' is specified without a 'data' directory
Flavors: r-oldrel-macos-arm64, r-oldrel-macos-x86_64, r-oldrel-windows-x86_64