Last updated on 2025-10-31 09:50:17 CET.
| Flavor | Version | Tinstall | Tcheck | Ttotal | Status | Flags | 
|---|---|---|---|---|---|---|
| r-devel-linux-x86_64-debian-clang | 3.1.0 | 10.14 | 96.20 | 106.34 | NOTE | |
| r-devel-linux-x86_64-debian-gcc | 3.1.0 | 6.87 | 66.63 | 73.50 | NOTE | |
| r-devel-linux-x86_64-fedora-clang | 3.1.0 | 21.00 | 137.35 | 158.35 | OK | |
| r-devel-linux-x86_64-fedora-gcc | 3.1.0 | 23.00 | 128.11 | 151.11 | OK | |
| r-devel-windows-x86_64 | 3.1.0 | 11.00 | 93.00 | 104.00 | OK | |
| r-patched-linux-x86_64 | 3.1.0 | 9.49 | 88.81 | 98.30 | OK | |
| r-release-linux-x86_64 | 3.1.0 | 9.36 | 88.40 | 97.76 | OK | |
| r-release-macos-arm64 | 3.1.0 | 8.00 | 52.00 | 60.00 | OK | |
| r-release-macos-x86_64 | 3.1.0 | 14.00 | 80.00 | 94.00 | OK | |
| r-release-windows-x86_64 | 3.1.0 | 13.00 | 95.00 | 108.00 | OK | |
| r-oldrel-macos-arm64 | 3.1.0 | 4.00 | 34.00 | 38.00 | NOTE | |
| r-oldrel-macos-x86_64 | 3.1.0 | 13.00 | 68.00 | 81.00 | NOTE | |
| r-oldrel-windows-x86_64 | 3.1.0 | 14.00 | 120.00 | 134.00 | NOTE | 
Version: 3.1.0
Check: CRAN incoming feasibility
Result: NOTE
  Maintainer: ‘José Carlos Del Valle <jcval94@gmail.com>’
  
  No Authors@R field in DESCRIPTION.
  Please add one, modifying
    Authors@R: person(given = c("José", "Carlos", "Del"),
                      family = "Valle",
                      role = c("aut", "cre"),
                      email = "jcval94@gmail.com")
  as necessary.
Flavors: r-devel-linux-x86_64-debian-clang, r-devel-linux-x86_64-debian-gcc
Version: 3.1.0
Check: LazyData
Result: NOTE
    'LazyData' is specified without a 'data' directory
Flavors: r-oldrel-macos-arm64, r-oldrel-macos-x86_64, r-oldrel-windows-x86_64