Last updated on 2025-10-12 09:49:55 CEST.
Flavor | Version | Tinstall | Tcheck | Ttotal | Status | Flags |
---|---|---|---|---|---|---|
r-devel-linux-x86_64-debian-clang | 0.1.4 | 21.39 | 21.31 | 42.70 | OK | |
r-devel-linux-x86_64-debian-gcc | 0.1.4 | 18.24 | 19.12 | 37.36 | OK | |
r-devel-linux-x86_64-fedora-clang | 0.1.4 | 65.41 | OK | |||
r-devel-linux-x86_64-fedora-gcc | 0.1.4 | 75.82 | OK | |||
r-devel-windows-x86_64 | 0.1.4 | 25.00 | 45.00 | 70.00 | OK | |
r-patched-linux-x86_64 | 0.1.4 | 24.77 | 22.77 | 47.54 | OK | |
r-release-linux-x86_64 | 0.1.4 | 24.13 | 22.65 | 46.78 | OK | |
r-release-macos-arm64 | 0.1.4 | 24.00 | OK | |||
r-release-macos-x86_64 | 0.1.4 | 50.00 | OK | |||
r-release-windows-x86_64 | 0.1.4 | 25.00 | 46.00 | 71.00 | OK | |
r-oldrel-macos-arm64 | 0.1.4 | 25.00 | NOTE | |||
r-oldrel-macos-x86_64 | 0.1.4 | 47.00 | NOTE | |||
r-oldrel-windows-x86_64 | 0.1.4 | 29.00 | 51.00 | 80.00 | OK |
Version: 0.1.4
Check: installed package size
Result: NOTE
installed size is 11.2Mb
sub-directories of 1Mb or more:
libs 11.1Mb
Flavors: r-oldrel-macos-arm64, r-oldrel-macos-x86_64