Last updated on 2024-05-09 10:49:48 CEST.
Flavor | Version | Tinstall | Tcheck | Ttotal | Status | Flags |
---|---|---|---|---|---|---|
r-devel-linux-x86_64-debian-clang | 0.2.0 | 2.96 | 57.14 | 60.10 | NOTE | |
r-devel-linux-x86_64-debian-gcc | 0.2.0 | 1.98 | 43.96 | 45.94 | NOTE | |
r-devel-linux-x86_64-fedora-clang | 0.2.0 | 75.81 | NOTE | |||
r-devel-linux-x86_64-fedora-gcc | 0.2.0 | 88.88 | NOTE | |||
r-devel-windows-x86_64 | 0.2.0 | 5.00 | 76.00 | 81.00 | NOTE | |
r-patched-linux-x86_64 | 0.2.0 | 2.73 | 55.38 | 58.11 | NOTE | |
r-release-linux-x86_64 | 0.2.0 | 2.77 | 54.35 | 57.12 | NOTE | |
r-release-macos-arm64 | 0.2.0 | 31.00 | NOTE | |||
r-release-windows-x86_64 | 0.2.0 | 4.00 | 76.00 | 80.00 | NOTE | |
r-oldrel-macos-arm64 | 0.2.0 | 35.00 | NOTE | |||
r-oldrel-macos-x86_64 | 0.2.0 | 55.00 | NOTE | |||
r-oldrel-windows-x86_64 | 0.2.0 | 4.00 | 78.00 | 82.00 | NOTE |
Version: 0.2.0
Check: LazyData
Result: NOTE
'LazyData' is specified without a 'data' directory
Flavors: r-devel-linux-x86_64-debian-clang, r-devel-linux-x86_64-debian-gcc, r-devel-linux-x86_64-fedora-clang, r-devel-linux-x86_64-fedora-gcc, r-devel-windows-x86_64, r-patched-linux-x86_64, r-release-linux-x86_64, r-release-macos-arm64, r-release-windows-x86_64, r-oldrel-macos-arm64, r-oldrel-macos-x86_64, r-oldrel-windows-x86_64