Last updated on 2025-10-23 10:48:40 CEST.
| Flavor | Version | Tinstall | Tcheck | Ttotal | Status | Flags |
|---|---|---|---|---|---|---|
| r-devel-linux-x86_64-debian-clang | 0.2.0 | 2.15 | 47.32 | 49.47 | OK | |
| r-devel-linux-x86_64-debian-gcc | 0.2.0 | 1.76 | 35.93 | 37.69 | OK | |
| r-devel-linux-x86_64-fedora-clang | 0.2.0 | 74.97 | OK | |||
| r-devel-linux-x86_64-fedora-gcc | 0.2.0 | 91.54 | OK | |||
| r-devel-windows-x86_64 | 0.2.0 | 4.00 | 73.00 | 77.00 | OK | |
| r-patched-linux-x86_64 | 0.2.0 | 2.17 | 45.56 | 47.73 | OK | |
| r-release-linux-x86_64 | 0.2.0 | 2.05 | 45.60 | 47.65 | OK | |
| r-release-macos-arm64 | 0.2.0 | 1.00 | 43.00 | 44.00 | OK | |
| r-release-macos-x86_64 | 0.2.0 | 2.00 | 64.00 | 66.00 | OK | |
| r-release-windows-x86_64 | 0.2.0 | 5.00 | 77.00 | 82.00 | OK | |
| r-oldrel-macos-arm64 | 0.2.0 | 1.00 | 30.00 | 31.00 | NOTE | |
| r-oldrel-macos-x86_64 | 0.2.0 | 2.00 | 50.00 | 52.00 | NOTE | |
| r-oldrel-windows-x86_64 | 0.2.0 | 5.00 | 84.00 | 89.00 | NOTE |
Version: 0.2.0
Check: LazyData
Result: NOTE
'LazyData' is specified without a 'data' directory
Flavors: r-oldrel-macos-arm64, r-oldrel-macos-x86_64, r-oldrel-windows-x86_64