Last updated on 2025-10-31 09:50:16 CET.
| Flavor | Version | Tinstall | Tcheck | Ttotal | Status | Flags | 
|---|---|---|---|---|---|---|
| r-devel-linux-x86_64-debian-clang | 0.29.4 | 22.82 | 120.71 | 143.53 | NOTE | |
| r-devel-linux-x86_64-debian-gcc | 0.29.4 | 14.14 | 89.13 | 103.27 | NOTE | |
| r-devel-linux-x86_64-fedora-clang | 0.29.4 | 56.00 | 170.33 | 226.33 | OK | |
| r-devel-linux-x86_64-fedora-gcc | 0.29.4 | 114.00 | 129.23 | 243.23 | OK | |
| r-devel-windows-x86_64 | 0.29.4 | 27.00 | 162.00 | 189.00 | NOTE | |
| r-patched-linux-x86_64 | 0.29.4 | 23.88 | 117.66 | 141.54 | OK | |
| r-release-linux-x86_64 | 0.29.4 | 23.52 | 115.03 | 138.55 | OK | |
| r-release-macos-arm64 | 0.29.4 | 10.00 | 92.00 | 102.00 | OK | |
| r-release-macos-x86_64 | 0.29.4 | 15.00 | 208.00 | 223.00 | OK | |
| r-release-windows-x86_64 | 0.29.4 | 27.00 | 166.00 | 193.00 | NOTE | |
| r-oldrel-macos-arm64 | 0.29.4 | 9.00 | 65.00 | 74.00 | OK | |
| r-oldrel-macos-x86_64 | 0.29.4 | 12.00 | 97.00 | 109.00 | OK | |
| r-oldrel-windows-x86_64 | 0.29.4 | 32.00 | 197.00 | 229.00 | NOTE | 
Version: 0.29.4
Check: CRAN incoming feasibility
Result: NOTE
  Maintainer: ‘Christof Neumann <christofneumann1@gmail.com>’
  
  No Authors@R field in DESCRIPTION.
  Please add one, modifying
    Authors@R: person(given = "Christof",
                      family = "Neumann",
                      role = c("aut", "cre"),
                      email = "christofneumann1@gmail.com")
  as necessary.
Flavors: r-devel-linux-x86_64-debian-clang, r-devel-linux-x86_64-debian-gcc
Version: 0.29.4
Check: C++ specification
Result: NOTE
    Specified C++11: please drop specification unless essential
Flavors: r-devel-windows-x86_64, r-release-windows-x86_64, r-oldrel-windows-x86_64