Last updated on 2024-05-09 10:49:47 CEST.
Flavor | Version | Tinstall | Tcheck | Ttotal | Status | Flags |
---|---|---|---|---|---|---|
r-devel-linux-x86_64-debian-clang | 1.0 | 1.64 | 22.49 | 24.13 | NOTE | |
r-devel-linux-x86_64-debian-gcc | 1.0 | 1.70 | 16.95 | 18.65 | NOTE | |
r-devel-linux-x86_64-fedora-clang | 1.0 | 29.92 | NOTE | |||
r-devel-linux-x86_64-fedora-gcc | 1.0 | 29.37 | NOTE | |||
r-devel-windows-x86_64 | 1.0 | 3.00 | 38.00 | 41.00 | NOTE | |
r-patched-linux-x86_64 | 1.0 | 2.31 | 21.31 | 23.62 | NOTE | |
r-release-linux-x86_64 | 1.0 | 2.45 | 20.98 | 23.43 | NOTE | |
r-release-macos-arm64 | 1.0 | 14.00 | NOTE | |||
r-release-windows-x86_64 | 1.0 | 3.00 | 38.00 | 41.00 | NOTE | |
r-oldrel-macos-arm64 | 1.0 | 19.00 | NOTE | |||
r-oldrel-macos-x86_64 | 1.0 | 19.00 | NOTE | |||
r-oldrel-windows-x86_64 | 1.0 | 4.00 | 38.00 | 42.00 | NOTE |
Version: 1.0
Check: LazyData
Result: NOTE
'LazyData' is specified without a 'data' directory
Flavors: r-devel-linux-x86_64-debian-clang, r-devel-linux-x86_64-debian-gcc, r-devel-linux-x86_64-fedora-clang, r-devel-linux-x86_64-fedora-gcc, r-devel-windows-x86_64, r-patched-linux-x86_64, r-release-linux-x86_64, r-release-macos-arm64, r-release-windows-x86_64, r-oldrel-macos-arm64, r-oldrel-macos-x86_64, r-oldrel-windows-x86_64