Last updated on 2024-05-09 10:49:47 CEST.
Flavor | Version | Tinstall | Tcheck | Ttotal | Status | Flags |
---|---|---|---|---|---|---|
r-devel-linux-x86_64-debian-clang | 1.0-1 | 6.14 | 59.03 | 65.17 | NOTE | |
r-devel-linux-x86_64-debian-gcc | 1.0-1 | 5.97 | 42.01 | 47.98 | NOTE | |
r-devel-linux-x86_64-fedora-clang | 1.0-1 | 82.42 | NOTE | |||
r-devel-linux-x86_64-fedora-gcc | 1.0-1 | 76.02 | NOTE | |||
r-devel-windows-x86_64 | 1.0-1 | 8.00 | 62.00 | 70.00 | NOTE | |
r-patched-linux-x86_64 | 1.0-1 | 9.62 | 54.80 | 64.42 | NOTE | |
r-release-linux-x86_64 | 1.0-1 | 6.21 | 55.92 | 62.13 | NOTE | |
r-release-macos-arm64 | 1.0-1 | 25.00 | NOTE | |||
r-release-windows-x86_64 | 1.0-1 | 7.00 | 60.00 | 67.00 | NOTE | |
r-oldrel-macos-arm64 | 1.0-1 | 27.00 | NOTE | |||
r-oldrel-macos-x86_64 | 1.0-1 | 60.00 | NOTE | |||
r-oldrel-windows-x86_64 | 1.0-1 | 10.00 | 68.00 | 78.00 | NOTE |
Version: 1.0-1
Check: package dependencies
Result: NOTE
Package which this enhances but not available for checking: ‘gurobi’
Flavors: r-devel-linux-x86_64-debian-clang, r-devel-linux-x86_64-debian-gcc, r-devel-linux-x86_64-fedora-clang, r-devel-linux-x86_64-fedora-gcc, r-devel-windows-x86_64, r-patched-linux-x86_64, r-release-linux-x86_64, r-release-macos-arm64, r-release-windows-x86_64, r-oldrel-macos-arm64, r-oldrel-macos-x86_64, r-oldrel-windows-x86_64