Last updated on 2025-10-30 09:49:47 CET.
| Flavor | Version | Tinstall | Tcheck | Ttotal | Status | Flags | 
|---|---|---|---|---|---|---|
| r-devel-linux-x86_64-debian-clang | 1.0 | 7.28 | 75.10 | 82.38 | NOTE | |
| r-devel-linux-x86_64-debian-gcc | 1.0 | 6.25 | 58.50 | 64.75 | NOTE | |
| r-devel-linux-x86_64-fedora-clang | 1.0 | 16.00 | 128.57 | 144.57 | OK | |
| r-devel-linux-x86_64-fedora-gcc | 1.0 | 12.00 | 126.39 | 138.39 | OK | |
| r-devel-windows-x86_64 | 1.0 | 7.00 | 68.00 | 75.00 | OK | |
| r-patched-linux-x86_64 | 1.0 | 7.11 | 88.06 | 95.17 | OK | |
| r-release-linux-x86_64 | 1.0 | 7.28 | 74.49 | 81.77 | OK | |
| r-release-macos-arm64 | 1.0 | 4.00 | 32.00 | 36.00 | OK | |
| r-release-macos-x86_64 | 1.0 | 5.00 | 50.00 | 55.00 | OK | |
| r-release-windows-x86_64 | 1.0 | 7.00 | 73.00 | 80.00 | OK | |
| r-oldrel-macos-arm64 | 1.0 | 3.00 | 27.00 | 30.00 | OK | |
| r-oldrel-macos-x86_64 | 1.0 | 5.00 | 41.00 | 46.00 | OK | |
| r-oldrel-windows-x86_64 | 1.0 | 9.00 | 81.00 | 90.00 | OK | 
Version: 1.0
Check: CRAN incoming feasibility
Result: NOTE
  Maintainer: ‘Xiaorui(Jeremy) Zhu <zhuxiaorui1989@gmail.com>’
  
  No Authors@R field in DESCRIPTION.
  Please add one, modifying
    Authors@R: c(person(given = "Xiaorui",
                        family = "Zhu",
                        role = "aut",
                        comment = "Jeremy"),
                 person(given = "Xiaorui",
                        family = "Zhu",
                        role = "cre",
                        email = "zhuxiaorui1989@gmail.com",
                        comment = "Jeremy"))
  as necessary.
Flavors: r-devel-linux-x86_64-debian-clang, r-devel-linux-x86_64-debian-gcc