Last updated on 2024-05-09 10:49:47 CEST.
Flavor | Version | Tinstall | Tcheck | Ttotal | Status | Flags |
---|---|---|---|---|---|---|
r-devel-linux-x86_64-debian-clang | 0.1.0 | 1.72 | 21.19 | 22.91 | NOTE | |
r-devel-linux-x86_64-debian-gcc | 0.1.0 | 1.61 | 16.50 | 18.11 | NOTE | |
r-devel-linux-x86_64-fedora-clang | 0.1.0 | 29.25 | NOTE | |||
r-devel-linux-x86_64-fedora-gcc | 0.1.0 | 27.37 | NOTE | |||
r-devel-windows-x86_64 | 0.1.0 | 2.00 | 37.00 | 39.00 | NOTE | |
r-patched-linux-x86_64 | 0.1.0 | 1.97 | 20.53 | 22.50 | NOTE | |
r-release-linux-x86_64 | 0.1.0 | 2.29 | 20.53 | 22.82 | NOTE | |
r-release-macos-arm64 | 0.1.0 | 14.00 | NOTE | |||
r-release-windows-x86_64 | 0.1.0 | 3.00 | 37.00 | 40.00 | NOTE | |
r-oldrel-macos-arm64 | 0.1.0 | 16.00 | NOTE | |||
r-oldrel-macos-x86_64 | 0.1.0 | 18.00 | NOTE | |||
r-oldrel-windows-x86_64 | 0.1.0 | 5.00 | 37.00 | 42.00 | NOTE |
Version: 0.1.0
Check: LazyData
Result: NOTE
'LazyData' is specified without a 'data' directory
Flavors: r-devel-linux-x86_64-debian-clang, r-devel-linux-x86_64-debian-gcc, r-devel-linux-x86_64-fedora-clang, r-devel-linux-x86_64-fedora-gcc, r-devel-windows-x86_64, r-patched-linux-x86_64, r-release-linux-x86_64, r-release-macos-arm64, r-release-windows-x86_64, r-oldrel-macos-arm64, r-oldrel-macos-x86_64, r-oldrel-windows-x86_64