Last updated on 2024-05-09 10:49:47 CEST.
Flavor | Version | Tinstall | Tcheck | Ttotal | Status | Flags |
---|---|---|---|---|---|---|
r-devel-linux-x86_64-debian-clang | 1.8.2 | 106.42 | 147.58 | 254.00 | OK | |
r-devel-linux-x86_64-debian-gcc | 1.8.2 | 77.39 | 109.74 | 187.13 | OK | |
r-devel-linux-x86_64-fedora-clang | 1.8.2 | 325.38 | OK | |||
r-devel-linux-x86_64-fedora-gcc | 1.8.2 | 323.34 | OK | |||
r-devel-windows-x86_64 | 1.8.2 | 79.00 | 133.00 | 212.00 | OK | |
r-patched-linux-x86_64 | 1.8.2 | 80.30 | 141.85 | 222.15 | OK | |
r-release-linux-x86_64 | 1.8.2 | 90.81 | 142.67 | 233.48 | OK | |
r-release-macos-arm64 | 1.8.2 | 77.00 | NOTE | |||
r-release-macos-x86_64 | 1.8.2 | 172.00 | NOTE | |||
r-release-windows-x86_64 | 1.8.2 | 77.00 | 134.00 | 211.00 | OK | |
r-oldrel-macos-arm64 | 1.8.2 | 73.00 | NOTE | |||
r-oldrel-macos-x86_64 | 1.8.2 | 170.00 | NOTE | |||
r-oldrel-windows-x86_64 | 1.8.2 | 96.00 | 171.00 | 267.00 | OK |
Version: 1.8.2
Check: installed package size
Result: NOTE
installed size is 8.2Mb
sub-directories of 1Mb or more:
data 2.8Mb
libs 5.1Mb
Flavors: r-release-macos-arm64, r-release-macos-x86_64, r-oldrel-macos-arm64, r-oldrel-macos-x86_64