Last updated on 2025-11-01 10:49:37 CET.
| Flavor | Version | Tinstall | Tcheck | Ttotal | Status | Flags |
|---|---|---|---|---|---|---|
| r-devel-linux-x86_64-debian-clang | 1.2.2 | 60.79 | 456.30 | 517.09 | OK | |
| r-devel-linux-x86_64-debian-gcc | 1.2.2 | 44.95 | 330.16 | 375.11 | OK | |
| r-devel-linux-x86_64-fedora-clang | 1.2.2 | 226.00 | 624.68 | 850.68 | OK | |
| r-devel-linux-x86_64-fedora-gcc | 1.2.2 | 451.00 | 388.02 | 839.02 | OK | |
| r-devel-windows-x86_64 | 1.2.2 | 63.00 | 369.00 | 432.00 | OK | |
| r-patched-linux-x86_64 | 1.2.2 | 0.35 | 1.77 | 2.12 | ERROR | |
| r-release-linux-x86_64 | 1.2.2 | 60.91 | 434.38 | 495.29 | OK | |
| r-release-macos-arm64 | 1.2.2 | 5.00 | ERROR | |||
| r-release-macos-x86_64 | 1.2.2 | 8.00 | ERROR | |||
| r-release-windows-x86_64 | 1.2.2 | 11.00 | 5.00 | 16.00 | ERROR | |
| r-oldrel-macos-arm64 | 1.2.2 | 28.00 | 162.00 | 190.00 | OK | |
| r-oldrel-macos-x86_64 | 1.2.2 | 43.00 | 256.00 | 299.00 | OK | |
| r-oldrel-windows-x86_64 | 1.2.2 | 15.00 | 9.00 | 24.00 | ERROR |
Version: 1.2.2
Check: package dependencies
Result: ERROR
Packages required but not available: 'SingleCellExperiment', 'TSCAN'
See section ‘The DESCRIPTION file’ in the ‘Writing R Extensions’
manual.
Flavor: r-patched-linux-x86_64
Version: 1.2.2
Check: package dependencies
Result: ERROR
Package required but not available: ‘org.Hs.eg.db’
See section ‘The DESCRIPTION file’ in the ‘Writing R Extensions’
manual.
Flavor: r-release-macos-arm64
Version: 1.2.2
Check: package dependencies
Result: ERROR
Package required but not available: ‘TSCAN’
See section ‘The DESCRIPTION file’ in the ‘Writing R Extensions’
manual.
Flavor: r-release-macos-x86_64
Version: 1.2.2
Check: whether package can be installed
Result: ERROR
Installation failed.
Flavors: r-release-windows-x86_64, r-oldrel-windows-x86_64