Last updated on 2025-11-19 09:48:33 CET.
| Flavor | Version | Tinstall | Tcheck | Ttotal | Status | Flags |
|---|---|---|---|---|---|---|
| r-devel-linux-x86_64-debian-clang | 2.2-8 | 3.54 | 28.96 | 32.50 | NOTE | |
| r-devel-linux-x86_64-debian-gcc | 2.2-8 | 3.02 | 23.29 | 26.31 | NOTE | |
| r-devel-linux-x86_64-fedora-clang | 2.2-8 | 15.00 | 32.39 | 47.39 | OK | |
| r-devel-linux-x86_64-fedora-gcc | 2.2-8 | 44.18 | OK | |||
| r-devel-windows-x86_64 | 2.2-8 | 11.00 | 48.00 | 59.00 | OK | |
| r-patched-linux-x86_64 | 2.2-8 | 2.96 | 26.01 | 28.97 | OK | |
| r-release-linux-x86_64 | 2.2-8 | 3.16 | 26.25 | 29.41 | OK | |
| r-release-macos-arm64 | 2.2-8 | 3.00 | 19.00 | 22.00 | OK | |
| r-release-macos-x86_64 | 2.2-8 | 6.00 | 33.00 | 39.00 | OK | |
| r-release-windows-x86_64 | 2.2-8 | 9.00 | 47.00 | 56.00 | OK | |
| r-oldrel-macos-arm64 | 2.2-8 | 3.00 | 23.00 | 26.00 | OK | |
| r-oldrel-macos-x86_64 | 2.2-8 | 5.00 | 37.00 | 42.00 | OK | |
| r-oldrel-windows-x86_64 | 2.2-8 | 1.00 | 9.00 | 10.00 | ERROR |
Version: 2.2-8
Check: CRAN incoming feasibility
Result: NOTE
Maintainer: ‘Katharine Mullen <mullenkate@gmail.com>’
Package CITATION file contains call(s) to old-style personList() or
as.personList(). Please use c() on person objects instead.
Package CITATION file contains call(s) to old-style citEntry(). Please
use bibentry() instead.
Flavors: r-devel-linux-x86_64-debian-clang, r-devel-linux-x86_64-debian-gcc
Version: 2.2-8
Check: whether package can be installed
Result: ERROR
Installation failed.
Flavor: r-oldrel-windows-x86_64