Last updated on 2024-05-09 10:49:46 CEST.
Flavor | Version | Tinstall | Tcheck | Ttotal | Status | Flags |
---|---|---|---|---|---|---|
r-devel-linux-x86_64-debian-clang | 1.0-0 | 2.70 | 38.66 | 41.36 | NOTE | |
r-devel-linux-x86_64-debian-gcc | 1.0-0 | 2.89 | 28.48 | 31.37 | NOTE | |
r-devel-linux-x86_64-fedora-clang | 1.0-0 | 54.22 | NOTE | |||
r-devel-linux-x86_64-fedora-gcc | 1.0-0 | 51.26 | NOTE | |||
r-devel-windows-x86_64 | 1.0-0 | 4.00 | 52.00 | 56.00 | NOTE | |
r-patched-linux-x86_64 | 1.0-0 | 4.64 | 36.16 | 40.80 | NOTE | |
r-release-linux-x86_64 | 1.0-0 | 4.37 | 35.77 | 40.14 | NOTE | |
r-release-macos-arm64 | 1.0-0 | 19.00 | NOTE | |||
r-release-windows-x86_64 | 1.0-0 | 5.00 | 51.00 | 56.00 | NOTE | |
r-oldrel-macos-arm64 | 1.0-0 | 19.00 | OK | |||
r-oldrel-macos-x86_64 | 1.0-0 | 27.00 | OK | |||
r-oldrel-windows-x86_64 | 1.0-0 | 4.00 | 55.00 | 59.00 | OK |
Version: 1.0-0
Check: Rd files
Result: NOTE
checkRd: (-1) detectAgeInterval.Rd:10: Lost braces
10 | \item{Dat}{a \code{data.frame} containing a column called \code{Age}, or code{age}.}
| ^
checkRd: (-1) detectSex.Rd:10: Lost braces
10 | \item{Dat}{a \code{data.frame} containing a column called \code{Sex}, or code{sex}.}
| ^
checkRd: (-1) ggbgetAgesFit.Rd:28: Lost braces
28 | code{\link{ggbChooseAges}}
| ^
Flavors: r-devel-linux-x86_64-debian-clang, r-devel-linux-x86_64-debian-gcc, r-devel-linux-x86_64-fedora-clang, r-devel-linux-x86_64-fedora-gcc, r-devel-windows-x86_64, r-patched-linux-x86_64, r-release-linux-x86_64, r-release-macos-arm64, r-release-windows-x86_64