Last updated on 2025-10-30 09:49:47 CET.
| Flavor | Version | Tinstall | Tcheck | Ttotal | Status | Flags | 
|---|---|---|---|---|---|---|
| r-devel-linux-x86_64-debian-clang | 0.2-10 | 7.13 | 72.95 | 80.08 | NOTE | |
| r-devel-linux-x86_64-debian-gcc | 0.2-10 | 5.24 | 54.24 | 59.48 | NOTE | |
| r-devel-linux-x86_64-fedora-clang | 0.2-10 | 55.00 | 77.01 | 132.01 | OK | |
| r-devel-linux-x86_64-fedora-gcc | 0.2-10 | 18.00 | 110.51 | 128.51 | OK | |
| r-devel-windows-x86_64 | 0.2-10 | 12.00 | 91.00 | 103.00 | OK | |
| r-patched-linux-x86_64 | 0.2-10 | 7.86 | 70.31 | 78.17 | OK | |
| r-release-linux-x86_64 | 0.2-10 | 6.64 | 70.19 | 76.83 | OK | |
| r-release-macos-arm64 | 0.2-10 | 6.00 | 38.00 | 44.00 | OK | |
| r-release-macos-x86_64 | 0.2-10 | 9.00 | 73.00 | 82.00 | OK | |
| r-release-windows-x86_64 | 0.2-10 | 12.00 | 96.00 | 108.00 | OK | |
| r-oldrel-macos-arm64 | 0.2-10 | 4.00 | 32.00 | 36.00 | OK | |
| r-oldrel-macos-x86_64 | 0.2-10 | 10.00 | 49.00 | 59.00 | OK | |
| r-oldrel-windows-x86_64 | 0.2-10 | 15.00 | 114.00 | 129.00 | OK | 
Version: 0.2-10
Check: CRAN incoming feasibility
Result: NOTE
  Maintainer: ‘Virgilio Gómez-Rubio <Virgilio.Gomez@uclm.es>’
  
  No Authors@R field in DESCRIPTION.
  Please add one, modifying
    Authors@R: c(person(given = "Virgilio",
                        family = "Gómez-Rubio",
                        role = c("aut", "cre"),
                        email = "virgilio.gomez@uclm.es"),
                 person(given = "Juan",
                        family = "Ferrándiz-Ferragud",
                        role = "aut"),
                 person(given = "Antonio",
                        family = "López-Quílez",
                        role = "aut"),
                 person(given = c("with", "contributions", "by", "Roger"),
                        family = "Bivand.",
                        role = "aut"))
  as necessary.
Flavors: r-devel-linux-x86_64-debian-clang, r-devel-linux-x86_64-debian-gcc