Last updated on 2025-11-20 11:51:07 CET.
| Flavor | Version | Tinstall | Tcheck | Ttotal | Status | Flags |
|---|---|---|---|---|---|---|
| r-devel-linux-x86_64-debian-clang | 0.1.7 | 13.11 | 101.69 | 114.80 | NOTE | |
| r-devel-linux-x86_64-debian-gcc | 0.1.7 | 9.13 | 73.17 | 82.30 | NOTE | |
| r-devel-linux-x86_64-fedora-clang | 0.1.7 | 32.00 | 137.31 | 169.31 | OK | |
| r-devel-linux-x86_64-fedora-gcc | 0.1.7 | 30.00 | 133.93 | 163.93 | OK | |
| r-devel-windows-x86_64 | 0.1.7 | 15.00 | 98.00 | 113.00 | OK | |
| r-patched-linux-x86_64 | 0.1.7 | 10.85 | 95.53 | 106.38 | OK | |
| r-release-linux-x86_64 | 0.1.7 | 12.65 | 96.66 | 109.31 | OK | |
| r-release-macos-arm64 | 0.1.7 | OK | ||||
| r-release-macos-x86_64 | 0.1.7 | 11.00 | 79.00 | 90.00 | OK | |
| r-release-windows-x86_64 | 0.1.7 | 13.00 | 96.00 | 109.00 | OK | |
| r-oldrel-macos-arm64 | 0.1.7 | OK | ||||
| r-oldrel-macos-x86_64 | 0.1.7 | 8.00 | 57.00 | 65.00 | OK | |
| r-oldrel-windows-x86_64 | 0.1.7 | 18.00 | 124.00 | 142.00 | OK |
Version: 0.1.7
Check: CRAN incoming feasibility
Result: NOTE
Maintainer: ‘Zhicheng Du<dgdzc@hotmail.com>’
No Authors@R field in DESCRIPTION.
Please add one, modifying
Authors@R: c(person(given = "Zhicheng",
family = "Du",
role = c("aut", "cre"),
email = "dgdzc@hotmail.com"),
person(given = "Yuantao",
family = "Hao",
role = "aut"))
as necessary.
Flavors: r-devel-linux-x86_64-debian-clang, r-devel-linux-x86_64-debian-gcc