Last updated on 2025-11-21 09:48:59 CET.
| Flavor | Version | Tinstall | Tcheck | Ttotal | Status | Flags |
|---|---|---|---|---|---|---|
| r-devel-linux-x86_64-debian-clang | 1.0.5 | 4.29 | 43.75 | 48.04 | OK | |
| r-devel-linux-x86_64-debian-gcc | 1.0.5 | 2.99 | 33.74 | 36.73 | OK | |
| r-devel-linux-x86_64-fedora-clang | 1.0.5 | 10.00 | 58.64 | 68.64 | OK | |
| r-devel-linux-x86_64-fedora-gcc | 1.0.5 | 11.00 | 75.47 | 86.47 | OK | |
| r-devel-windows-x86_64 | 1.0.5 | 8.00 | 59.00 | 67.00 | OK | |
| r-patched-linux-x86_64 | 1.0.5 | 3.85 | 40.41 | 44.26 | OK | |
| r-release-linux-x86_64 | 1.0.5 | 4.00 | 40.87 | 44.87 | OK | |
| r-release-macos-arm64 | 1.0.5 | OK | ||||
| r-release-macos-x86_64 | 1.0.5 | 3.00 | 56.00 | 59.00 | OK | |
| r-release-windows-x86_64 | 1.0.5 | 7.00 | 55.00 | 62.00 | OK | |
| r-oldrel-macos-arm64 | 1.0.5 | NOTE | ||||
| r-oldrel-macos-x86_64 | 1.0.5 | 4.00 | 61.00 | 65.00 | NOTE | |
| r-oldrel-windows-x86_64 | 1.0.5 | 7.00 | 67.00 | 74.00 | NOTE |
Version: 1.0.5
Check: installed package size
Result: NOTE
installed size is 7.2Mb
sub-directories of 1Mb or more:
doc 2.0Mb
vignette_data 2.6Mb
Flavors: r-oldrel-macos-arm64, r-oldrel-macos-x86_64, r-oldrel-windows-x86_64