Last updated on 2024-05-09 10:49:45 CEST.
Flavor | Version | Tinstall | Tcheck | Ttotal | Status | Flags |
---|---|---|---|---|---|---|
r-devel-linux-x86_64-debian-clang | 0.1.0 | 6.89 | 57.10 | 63.99 | OK | |
r-devel-linux-x86_64-debian-gcc | 0.1.0 | 4.33 | 43.11 | 47.44 | OK | |
r-devel-linux-x86_64-fedora-clang | 0.1.0 | 82.71 | NOTE | |||
r-devel-linux-x86_64-fedora-gcc | 0.1.0 | 88.85 | NOTE | |||
r-devel-windows-x86_64 | 0.1.0 | 8.00 | 71.00 | 79.00 | OK | |
r-patched-linux-x86_64 | 0.1.0 | 3.50 | 54.38 | 57.88 | OK | |
r-release-linux-x86_64 | 0.1.0 | 3.52 | 55.81 | 59.33 | OK | |
r-release-macos-arm64 | 0.1.0 | 35.00 | OK | |||
r-release-windows-x86_64 | 0.1.0 | 9.00 | 70.00 | 79.00 | OK | |
r-oldrel-macos-arm64 | 0.1.0 | 37.00 | OK | |||
r-oldrel-macos-x86_64 | 0.1.0 | 49.00 | OK | |||
r-oldrel-windows-x86_64 | 0.1.0 | 10.00 | 74.00 | 84.00 | OK |
Version: 0.1.0
Check: compiled code
Result: NOTE
File ‘ConsReg/libs/ConsReg.so’:
Found no calls to: ‘R_registerRoutines’, ‘R_useDynamicSymbols’
It is good practice to register native routines and to disable symbol
search.
See ‘Writing portable packages’ in the ‘Writing R Extensions’ manual.
Flavors: r-devel-linux-x86_64-fedora-clang, r-devel-linux-x86_64-fedora-gcc