Last updated on 2025-10-31 09:50:13 CET.
| Flavor | Version | Tinstall | Tcheck | Ttotal | Status | Flags | 
|---|---|---|---|---|---|---|
| r-devel-linux-x86_64-debian-clang | 0.1.7 | 2.09 | 23.86 | 25.95 | NOTE | |
| r-devel-linux-x86_64-debian-gcc | 0.1.7 | 1.77 | 18.65 | 20.42 | NOTE | |
| r-devel-linux-x86_64-fedora-clang | 0.1.7 | 18.00 | 25.48 | 43.48 | OK | |
| r-devel-linux-x86_64-fedora-gcc | 0.1.7 | 39.28 | OK | |||
| r-devel-windows-x86_64 | 0.1.7 | 3.00 | 40.00 | 43.00 | OK | |
| r-patched-linux-x86_64 | 0.1.7 | 2.45 | 22.42 | 24.87 | OK | |
| r-release-linux-x86_64 | 0.1.7 | 2.16 | 22.95 | 25.11 | OK | |
| r-release-macos-arm64 | 0.1.7 | 1.00 | 18.00 | 19.00 | OK | |
| r-release-macos-x86_64 | 0.1.7 | 2.00 | 23.00 | 25.00 | OK | |
| r-release-windows-x86_64 | 0.1.7 | 3.00 | 42.00 | 45.00 | OK | |
| r-oldrel-macos-arm64 | 0.1.7 | 1.00 | 17.00 | 18.00 | OK | |
| r-oldrel-macos-x86_64 | 0.1.7 | 2.00 | 20.00 | 22.00 | OK | |
| r-oldrel-windows-x86_64 | 0.1.7 | 5.00 | 48.00 | 53.00 | OK | 
Version: 0.1.7
Check: CRAN incoming feasibility
Result: NOTE
  Maintainer: ‘Michael P.B. Gallaugher <gallaump@mcmaster.ca>’
  
  No Authors@R field in DESCRIPTION.
  Please add one, modifying
    Authors@R: c(person(given = c("Michael", "P.B."),
                        family = "Gallaugher",
                        role = c("aut", "cre"),
                        email = "gallaump@mcmaster.ca"),
                 person(given = c("Paul", "D."),
                        family = "McNicholas",
                        role = "aut"))
  as necessary.
  
  The Description field contains
    <arXiv:1802.04849>.
  Please refer to arXiv e-prints via their arXiv DOI <doi:10.48550/arXiv.YYMM.NNNNN>.
Flavors: r-devel-linux-x86_64-debian-clang, r-devel-linux-x86_64-debian-gcc