Last updated on 2025-10-21 09:48:27 CEST.
Flavor | Version | Tinstall | Tcheck | Ttotal | Status | Flags |
---|---|---|---|---|---|---|
r-devel-linux-x86_64-debian-clang | 0.2.1 | 6.17 | 47.61 | 53.78 | OK | |
r-devel-linux-x86_64-debian-gcc | 0.2.1 | 4.43 | 36.80 | 41.23 | NOTE | |
r-devel-linux-x86_64-fedora-clang | 0.2.1 | 80.66 | OK | |||
r-devel-linux-x86_64-fedora-gcc | 0.2.1 | 77.36 | OK | |||
r-devel-windows-x86_64 | 0.2.1 | 9.00 | 64.00 | 73.00 | OK | |
r-patched-linux-x86_64 | 0.2.1 | 6.70 | 44.32 | 51.02 | OK | |
r-release-linux-x86_64 | 0.2.1 | 6.01 | 44.50 | 50.51 | OK | |
r-release-macos-arm64 | 0.2.1 | 29.00 | OK | |||
r-release-macos-x86_64 | 0.2.1 | 51.00 | OK | |||
r-release-windows-x86_64 | 0.2.1 | 11.00 | 65.00 | 76.00 | OK | |
r-oldrel-macos-arm64 | 0.2.1 | 28.00 | NOTE | |||
r-oldrel-macos-x86_64 | 0.2.1 | 68.00 | NOTE | |||
r-oldrel-windows-x86_64 | 0.2.1 | 12.00 | 75.00 | 87.00 | NOTE |
Version: 0.2.1
Check: HTML version of manual
Result: NOTE
Found the following HTML validation problems:
arrow_lighting.html:60:1 (arrow_lighting.Rd:17): Warning: missing </ul> before </div>
diseaseCheckBox.html:50:1 (diseaseCheckBox.Rd:12): Warning: missing </ul> before </div>
diseaseSelect.html:54:1 (diseaseSelect.Rd:14): Warning: missing </ul> before </div>
diseaseSelectUi.html:46:1 (diseaseSelectUi.Rd:10): Warning: missing </ul> before </div>
extract_running_sim.html:47:1 (extract_running_sim.Rd:10): Warning: missing </ul> before </div>
fullScreen.html:54:1 (fullScreen.Rd:14): Warning: missing </ul> before </div>
fullScreenUI.html:47:1 (fullScreenUI.Rd:10): Warning: missing </ul> before </div>
generate_edges.html:73:1 (generate_edges.Rd:27): Warning: missing </ul> before </div>
generate_network.html:58:1 (generate_network.Rd:16): Warning: missing </ul> before </div>
generate_nodes.html:78:1 (generate_nodes.Rd:30): Warning: missing </ul> before </div>
generate_notification.html:57:1 (generate_notification.Rd:15): Warning: missing </ul> before </div>
generate_userFields.html:52:1 (generate_userFields.Rd:13): Warning: missing </ul> before </div>
glossaryCaPO4.html:54:1 (glossaryCaPO4.Rd:14): Warning: missing </ul> before </div>
glossaryCaPO4Ui.html:46:1 (glossaryCaPO4Ui.Rd:10): Warning: missing </ul> before </div>
helpCaPO4.html:54:1 (helpCaPO4.Rd:14): Warning: missing </ul> before </div>
helpCaPO4Ui.html:46:1 (helpCaPO4Ui.Rd:10): Warning: missing </ul> before </div>
infoSwitch.html:50:1 (infoSwitch.Rd:12): Warning: missing </ul> before </div>
infos.html:66:1 (infos.Rd:20): Warning: missing </ul> before </div>
infosUi.html:46:1 (infosUi.Rd:10): Warning: missing </ul> before </div>
make_plot_hypoD3.html:51:1 (make_plot_hypoD3.Rd:13): Warning: missing </ul> before </div>
make_plot_hypopara.html:51:1 (make_plot_hypopara.Rd:13): Warning: missing </ul> before </div>
make_plot_php1.html:51:1 (make_plot_php1.Rd:13): Warning: missing </ul> before </div>
myCarousel.html:79:1 (myCarousel.Rd:31): Warning: missing </ul> before </div>
networkCaPO4.html:113:1 (networkCaPO4.Rd:51): Warning: missing </ul> before </div>
networkCaPO4Ui.html:46:1 (networkCaPO4Ui.Rd:10): Warning: missing </ul> before </div>
networkOptions.html:58:1 (networkOptions.Rd:16): Warning: missing </ul> before </div>
networkOptionsUi.html:46:1 (networkOptionsUi.Rd:10): Warning: missing </ul> before </div>
plotBox.html:66:1 (plotBox.Rd:20): Warning: missing </ul> before </div>
plotBoxUi.html:46:1 (plotBoxUi.Rd:10): Warning: missing </ul> before </div>
skinSelect.html:54:1 (skinSelect.Rd:14): Warning: missing </ul> before </div>
skinSelectUi.html:46:1 (skinSelectUi.Rd:10): Warning: missing </ul> before </div>
userInfo.html:66:1 (userInfo.Rd:20): Warning: missing </ul> before </div>
userInfoUi.html:46:1 (userInfoUi.Rd:10): Warning: missing </ul> before </div>
video.html:54:1 (video.Rd:14): Warning: missing </ul> before </div>
videoUi.html:50:1 (videoUi.Rd:12): Warning: missing </ul> before </div>
Flavor: r-devel-linux-x86_64-debian-gcc
Version: 0.2.1
Check: installed package size
Result: NOTE
installed size is 6.2Mb
sub-directories of 1Mb or more:
entry_level 1.7Mb
virtual_patient_simulator 3.1Mb
Flavors: r-oldrel-macos-arm64, r-oldrel-macos-x86_64, r-oldrel-windows-x86_64