Last updated on 2025-10-24 09:49:58 CEST.
| Flavor | Version | Tinstall | Tcheck | Ttotal | Status | Flags |
|---|---|---|---|---|---|---|
| r-devel-linux-x86_64-debian-clang | 0.1.0 | 1.89 | 18.03 | 19.92 | NOTE | |
| r-devel-linux-x86_64-debian-gcc | 0.1.0 | 1.47 | 15.01 | 16.48 | NOTE | |
| r-devel-linux-x86_64-fedora-clang | 0.1.0 | 30.73 | NOTE | |||
| r-devel-linux-x86_64-fedora-gcc | 0.1.0 | 30.40 | NOTE | |||
| r-devel-windows-x86_64 | 0.1.0 | 4.00 | 37.00 | 41.00 | OK | |
| r-patched-linux-x86_64 | 0.1.0 | 1.83 | 16.95 | 18.78 | OK | |
| r-release-linux-x86_64 | 0.1.0 | 1.88 | 16.70 | 18.58 | OK | |
| r-release-macos-arm64 | 0.1.0 | 1.00 | 15.00 | 16.00 | OK | |
| r-release-macos-x86_64 | 0.1.0 | 2.00 | 26.00 | 28.00 | OK | |
| r-release-windows-x86_64 | 0.1.0 | 4.00 | 38.00 | 42.00 | OK | |
| r-oldrel-macos-arm64 | 0.1.0 | 1.00 | 16.00 | 17.00 | NOTE | |
| r-oldrel-macos-x86_64 | 0.1.0 | 1.00 | 18.00 | 19.00 | NOTE | |
| r-oldrel-windows-x86_64 | 0.1.0 | 4.00 | 40.00 | 44.00 | NOTE |
Version: 0.1.0
Check: CRAN incoming feasibility
Result: NOTE
Maintainer: ‘Kartikeya Bolar <kartikeya.bolar@tapmi.edu.in>’
No Authors@R field in DESCRIPTION.
Please add one, modifying
Authors@R: person(given = "Kartikeya",
family = "Bolar",
role = c("aut", "cre"),
email = "kartikeya.bolar@tapmi.edu.in")
as necessary.
Flavors: r-devel-linux-x86_64-debian-clang, r-devel-linux-x86_64-debian-gcc
Version: 0.1.0
Check: dependencies in R code
Result: NOTE
Namespaces in Imports field not imported from:
‘MASS’ ‘cluster’ ‘datasets’ ‘dplyr’ ‘klaR’ ‘psycho’ ‘shiny’
All declared Imports should be used.
Flavors: r-devel-linux-x86_64-fedora-clang, r-devel-linux-x86_64-fedora-gcc
Version: 0.1.0
Check: LazyData
Result: NOTE
'LazyData' is specified without a 'data' directory
Flavors: r-oldrel-macos-arm64, r-oldrel-macos-x86_64, r-oldrel-windows-x86_64