Last updated on 2024-05-09 10:49:44 CEST.
Flavor | Version | Tinstall | Tcheck | Ttotal | Status | Flags |
---|---|---|---|---|---|---|
r-devel-linux-x86_64-debian-clang | 0.2.3 | 77.77 | 79.60 | 157.37 | NOTE | |
r-devel-linux-x86_64-debian-gcc | 0.2.3 | 53.94 | 62.44 | 116.38 | NOTE | |
r-devel-linux-x86_64-fedora-clang | 0.2.3 | 187.16 | NOTE | |||
r-devel-linux-x86_64-fedora-gcc | 0.2.3 | 215.24 | NOTE | |||
r-devel-windows-x86_64 | 0.2.3 | 48.00 | 109.00 | 157.00 | NOTE | |
r-patched-linux-x86_64 | 0.2.3 | 71.06 | 80.43 | 151.49 | NOTE | |
r-release-linux-x86_64 | 0.2.3 | 76.20 | 80.97 | 157.17 | NOTE | |
r-release-macos-arm64 | 0.2.3 | 50.00 | NOTE | |||
r-release-windows-x86_64 | 0.2.3 | 49.00 | 104.00 | 153.00 | NOTE | |
r-oldrel-macos-arm64 | 0.2.3 | 57.00 | NOTE | |||
r-oldrel-macos-x86_64 | 0.2.3 | 89.00 | NOTE | |||
r-oldrel-windows-x86_64 | 0.2.3 | 65.00 | 125.00 | 190.00 | NOTE |
Version: 0.2.3
Check: LazyData
Result: NOTE
'LazyData' is specified without a 'data' directory
Flavors: r-devel-linux-x86_64-debian-clang, r-devel-linux-x86_64-debian-gcc, r-devel-linux-x86_64-fedora-clang, r-devel-linux-x86_64-fedora-gcc, r-devel-windows-x86_64, r-patched-linux-x86_64, r-release-linux-x86_64, r-release-macos-arm64, r-release-windows-x86_64, r-oldrel-macos-arm64, r-oldrel-macos-x86_64, r-oldrel-windows-x86_64
Version: 0.2.3
Check: installed package size
Result: NOTE
installed size is 21.2Mb
sub-directories of 1Mb or more:
libs 20.9Mb
Flavors: r-release-macos-arm64, r-oldrel-macos-arm64, r-oldrel-macos-x86_64