Last updated on 2025-11-19 09:48:30 CET.
| Flavor | Version | Tinstall | Tcheck | Ttotal | Status | Flags |
|---|---|---|---|---|---|---|
| r-devel-linux-x86_64-debian-clang | 1.2.7 | 40.61 | 94.91 | 135.52 | OK | |
| r-devel-linux-x86_64-debian-gcc | 1.2.7 | 30.32 | 66.55 | 96.87 | OK | |
| r-devel-linux-x86_64-fedora-clang | 1.2.7 | 95.00 | 145.90 | 240.90 | OK | |
| r-devel-linux-x86_64-fedora-gcc | 1.2.7 | 106.00 | 120.72 | 226.72 | OK | |
| r-devel-windows-x86_64 | 1.2.7 | 71.00 | 189.00 | 260.00 | OK | |
| r-patched-linux-x86_64 | 1.2.7 | 45.68 | 91.21 | 136.89 | OK | |
| r-release-linux-x86_64 | 1.2.7 | 43.13 | 91.02 | 134.15 | OK | |
| r-release-macos-arm64 | 1.2.7 | 21.00 | 49.00 | 70.00 | OK | |
| r-release-macos-x86_64 | 1.2.7 | 31.00 | 98.00 | 129.00 | OK | |
| r-release-windows-x86_64 | 1.2.7 | 55.00 | 188.00 | 243.00 | OK | |
| r-oldrel-macos-arm64 | 1.2.6 | 20.00 | 50.00 | 70.00 | NOTE | |
| r-oldrel-macos-x86_64 | 1.2.6 | 20.00 | 71.00 | 91.00 | NOTE | |
| r-oldrel-windows-x86_64 | 1.2.6 | 52.00 | 237.00 | 289.00 | OK |
Version: 1.2.6
Check: installed package size
Result: NOTE
installed size is 93.4Mb
sub-directories of 1Mb or more:
libs 92.8Mb
Flavors: r-oldrel-macos-arm64, r-oldrel-macos-x86_64