Last updated on 2025-10-22 09:50:28 CEST.
Flavor | Version | Tinstall | Tcheck | Ttotal | Status | Flags |
---|---|---|---|---|---|---|
r-devel-linux-x86_64-debian-clang | 3.2.0 | 134.57 | 90.12 | 224.69 | NOTE | |
r-devel-linux-x86_64-debian-gcc | 3.2.0 | 88.68 | 62.24 | 150.92 | NOTE | |
r-devel-linux-x86_64-fedora-clang | 3.2.0 | 600.00 | -142.65 | 457.35 | NOTE | |
r-devel-linux-x86_64-fedora-gcc | 3.2.0 | 250.00 | 149.77 | 399.77 | NOTE | |
r-devel-windows-x86_64 | 3.2.0 | 215.00 | 166.00 | 381.00 | NOTE | |
r-patched-linux-x86_64 | 3.2.0 | 128.67 | 84.73 | 213.40 | NOTE | |
r-release-linux-x86_64 | 3.2.0 | 126.81 | 84.45 | 211.26 | NOTE | |
r-release-macos-arm64 | 3.2.0 | 52.00 | 56.00 | 108.00 | NOTE | |
r-release-macos-x86_64 | 3.2.0 | 66.00 | 186.00 | 252.00 | NOTE | |
r-release-windows-x86_64 | 3.2.0 | 209.00 | 178.00 | 387.00 | NOTE | |
r-oldrel-macos-arm64 | 3.2.0 | 56.00 | 64.00 | 120.00 | NOTE | |
r-oldrel-macos-x86_64 | 3.2.0 | 42.00 | 111.00 | 153.00 | NOTE | |
r-oldrel-windows-x86_64 | 3.2.0 | 209.00 | 188.00 | 397.00 | NOTE |
Version: 3.2.0
Check: C++ specification
Result: NOTE
Specified C++11: please drop specification unless essential
Flavors: r-devel-linux-x86_64-debian-clang, r-devel-linux-x86_64-debian-gcc, r-devel-linux-x86_64-fedora-clang, r-devel-linux-x86_64-fedora-gcc, r-devel-windows-x86_64, r-patched-linux-x86_64, r-release-linux-x86_64, r-release-macos-arm64, r-release-macos-x86_64, r-release-windows-x86_64, r-oldrel-macos-arm64, r-oldrel-macos-x86_64, r-oldrel-windows-x86_64
Version: 3.2.0
Check: installed package size
Result: NOTE
installed size is 19.6Mb
sub-directories of 1Mb or more:
data 2.0Mb
libs 17.3Mb
Flavors: r-oldrel-macos-arm64, r-oldrel-macos-x86_64
Version: 3.2.0
Check: for GNU extensions in Makefiles
Result: NOTE
GNU make is a SystemRequirements.
Flavors: r-oldrel-macos-arm64, r-oldrel-macos-x86_64, r-oldrel-windows-x86_64