Last updated on 2025-11-21 09:48:57 CET.
| Flavor | Version | Tinstall | Tcheck | Ttotal | Status | Flags |
|---|---|---|---|---|---|---|
| r-devel-linux-x86_64-debian-clang | 0.2.0 | 6.52 | 36.17 | 42.69 | NOTE | |
| r-devel-linux-x86_64-debian-gcc | 0.2.0 | 3.92 | 25.85 | 29.77 | NOTE | |
| r-devel-linux-x86_64-fedora-clang | 0.2.0 | 18.00 | 50.98 | 68.98 | OK | |
| r-devel-linux-x86_64-fedora-gcc | 0.2.0 | 12.00 | 49.01 | 61.01 | OK | |
| r-devel-windows-x86_64 | 0.2.0 | 9.00 | 48.00 | 57.00 | OK | |
| r-patched-linux-x86_64 | 0.2.0 | 5.86 | 32.87 | 38.73 | OK | |
| r-release-linux-x86_64 | 0.2.0 | 6.25 | 34.01 | 40.26 | OK | |
| r-release-macos-arm64 | 0.2.0 | OK | ||||
| r-release-macos-x86_64 | 0.2.0 | 5.00 | 31.00 | 36.00 | OK | |
| r-release-windows-x86_64 | 0.2.0 | 8.00 | 48.00 | 56.00 | OK | |
| r-oldrel-macos-arm64 | 0.2.0 | OK | ||||
| r-oldrel-macos-x86_64 | 0.2.0 | 4.00 | 26.00 | 30.00 | OK | |
| r-oldrel-windows-x86_64 | 0.2.0 | 10.00 | 60.00 | 70.00 | OK |
Version: 0.2.0
Check: CRAN incoming feasibility
Result: NOTE
Maintainer: ‘Chris Aberson <cla18@humboldt.edu>’
No Authors@R field in DESCRIPTION.
Please add one, modifying
Authors@R: person(given = "Chris",
family = "Aberson",
role = c("aut", "cre"),
email = "cla18@humboldt.edu")
as necessary.
Flavors: r-devel-linux-x86_64-debian-clang, r-devel-linux-x86_64-debian-gcc