Last updated on 2025-11-02 10:50:36 CET.
| Flavor | Version | Tinstall | Tcheck | Ttotal | Status | Flags |
|---|---|---|---|---|---|---|
| r-devel-linux-x86_64-debian-clang | 1.1.3 | 87.04 | 197.21 | 284.25 | OK | |
| r-devel-linux-x86_64-debian-gcc | 1.1.3 | 59.72 | 136.38 | 196.10 | OK | |
| r-devel-linux-x86_64-fedora-clang | 1.1.3 | 186.00 | 360.79 | 546.79 | OK | |
| r-devel-linux-x86_64-fedora-gcc | 1.1.3 | 292.00 | 308.76 | 600.76 | OK | |
| r-devel-windows-x86_64 | 1.1.3 | 96.00 | 512.00 | 608.00 | OK | |
| r-patched-linux-x86_64 | 1.1.3 | 102.07 | 197.30 | 299.37 | OK | |
| r-release-linux-x86_64 | 1.1.3 | 97.18 | 197.11 | 294.29 | OK | |
| r-release-macos-arm64 | 1.1.3 | 36.00 | 129.00 | 165.00 | OK | |
| r-release-macos-x86_64 | 1.1.3 | 41.00 | 226.00 | 267.00 | OK | |
| r-release-windows-x86_64 | 1.1.3 | 100.00 | 508.00 | 608.00 | OK | |
| r-oldrel-macos-arm64 | 1.1.3 | 27.00 | 109.00 | 136.00 | NOTE | |
| r-oldrel-macos-x86_64 | 1.1.3 | 35.00 | 252.00 | 287.00 | NOTE | |
| r-oldrel-windows-x86_64 | 1.1.3 | 115.00 | 553.00 | 668.00 | OK |
Version: 1.1.3
Check: installed package size
Result: NOTE
installed size is 13.3Mb
sub-directories of 1Mb or more:
libs 12.9Mb
Flavors: r-oldrel-macos-arm64, r-oldrel-macos-x86_64