Last updated on 2024-05-09 10:49:43 CEST.
Flavor | Version | Tinstall | Tcheck | Ttotal | Status | Flags |
---|---|---|---|---|---|---|
r-devel-linux-x86_64-debian-clang | 2.1 | 47.14 | 74.74 | 121.88 | WARN | |
r-devel-linux-x86_64-debian-gcc | 2.1 | 37.87 | 59.54 | 97.41 | NOTE | |
r-devel-linux-x86_64-fedora-clang | 2.1 | 162.89 | NOTE | |||
r-devel-linux-x86_64-fedora-gcc | 2.1 | 184.36 | NOTE | |||
r-devel-windows-x86_64 | 2.1 | 39.00 | 138.00 | 177.00 | NOTE | |
r-patched-linux-x86_64 | 2.1 | 40.87 | 72.53 | 113.40 | NOTE | |
r-release-linux-x86_64 | 2.1 | 41.85 | 75.39 | 117.24 | NOTE | |
r-release-macos-arm64 | 2.1 | 48.00 | NOTE | |||
r-release-windows-x86_64 | 2.1 | 37.00 | 133.00 | 170.00 | NOTE | |
r-oldrel-macos-arm64 | 2.1 | 50.00 | NOTE | |||
r-oldrel-macos-x86_64 | 2.1 | 80.00 | NOTE | |||
r-oldrel-windows-x86_64 | 2.1 | 44.00 | 135.00 | 179.00 | NOTE |
Version: 2.1
Check: whether package can be installed
Result: WARN
Found the following significant warnings:
BHMSMA.cpp:59:8: warning: using integer absolute value function 'abs' when argument is of floating point type [-Wabsolute-value]
BHMSMA.cpp:143:7: warning: using integer absolute value function 'abs' when argument is of floating point type [-Wabsolute-value]
See ‘/home/hornik/tmp/R.check/r-devel-clang/Work/PKGS/BHMSMAfMRI.Rcheck/00install.out’ for details.
* used C++ compiler: ‘Debian clang version 18.1.5 (2)’
Flavor: r-devel-linux-x86_64-debian-clang
Version: 2.1
Check: C++ specification
Result: NOTE
Specified C++11: please drop specification unless essential
Flavors: r-devel-linux-x86_64-debian-clang, r-devel-linux-x86_64-debian-gcc, r-devel-linux-x86_64-fedora-clang, r-devel-linux-x86_64-fedora-gcc, r-devel-windows-x86_64, r-patched-linux-x86_64, r-release-linux-x86_64, r-release-macos-arm64, r-release-windows-x86_64, r-oldrel-macos-arm64, r-oldrel-macos-x86_64, r-oldrel-windows-x86_64
Version: 2.1
Check: Rd files
Result: NOTE
checkRd: (-1) fmridata.Rd:18: Lost braces in \itemize; meant \describe ?
checkRd: (-1) fmridata.Rd:19: Lost braces in \itemize; meant \describe ?
checkRd: (-1) fmridata.Rd:20: Lost braces in \itemize; meant \describe ?
checkRd: (-1) fmridata.Rd:21: Lost braces in \itemize; meant \describe ?
Flavors: r-devel-linux-x86_64-debian-clang, r-devel-linux-x86_64-debian-gcc, r-devel-linux-x86_64-fedora-clang, r-devel-linux-x86_64-fedora-gcc, r-devel-windows-x86_64, r-patched-linux-x86_64, r-release-linux-x86_64, r-release-macos-arm64, r-release-windows-x86_64