CRAN Package Check Results for Package BALLI

Last updated on 2025-11-01 10:49:34 CET.

Flavor Version Tinstall Tcheck Ttotal Status Flags
r-devel-linux-x86_64-debian-clang 0.2.0 4.78 96.39 101.17 NOTE
r-devel-linux-x86_64-debian-gcc 0.2.0 3.35 64.17 67.52 NOTE
r-devel-linux-x86_64-fedora-clang 0.2.0 46.00 124.97 170.97 OK
r-devel-linux-x86_64-fedora-gcc 0.2.0 23.00 166.47 189.47 OK
r-devel-windows-x86_64 0.2.0 7.00 111.00 118.00 OK
r-patched-linux-x86_64 0.2.0 3.60 94.84 98.44 OK
r-release-linux-x86_64 0.2.0 4.54 94.40 98.94 OK
r-release-macos-arm64 0.2.0 2.00 51.00 53.00 OK
r-release-macos-x86_64 0.2.0 7.00 124.00 131.00 OK
r-release-windows-x86_64 0.2.0 8.00 112.00 120.00 OK
r-oldrel-macos-arm64 0.2.0 2.00 59.00 61.00 NOTE
r-oldrel-macos-x86_64 0.2.0 4.00 82.00 86.00 NOTE
r-oldrel-windows-x86_64 0.2.0 8.00 145.00 153.00 NOTE

Check Details

Version: 0.2.0
Check: CRAN incoming feasibility
Result: NOTE Maintainer: ‘Kyungtaek Park <qkrrudxor147@snu.ac.kr>’ No Authors@R field in DESCRIPTION. Please add one, modifying Authors@R: person(given = "Kyungtaek", family = "Park", role = c("aut", "cre"), email = "qkrrudxor147@snu.ac.kr") as necessary. Flavors: r-devel-linux-x86_64-debian-clang, r-devel-linux-x86_64-debian-gcc

Version: 0.2.0
Check: LazyData
Result: NOTE 'LazyData' is specified without a 'data' directory Flavors: r-oldrel-macos-arm64, r-oldrel-macos-x86_64, r-oldrel-windows-x86_64