Last updated on 2025-11-21 09:48:56 CET.
| Flavor | Version | Tinstall | Tcheck | Ttotal | Status | Flags |
|---|---|---|---|---|---|---|
| r-devel-linux-x86_64-debian-clang | 1.0.0 | 3.14 | 32.98 | 36.12 | NOTE | |
| r-devel-linux-x86_64-debian-gcc | 1.0.0 | 2.48 | 26.08 | 28.56 | NOTE | |
| r-devel-linux-x86_64-fedora-clang | 1.0.0 | 54.42 | NOTE | |||
| r-devel-linux-x86_64-fedora-gcc | 1.0.0 | 66.76 | NOTE | |||
| r-devel-windows-x86_64 | 1.0.0 | 9.00 | 54.00 | 63.00 | NOTE | |
| r-patched-linux-x86_64 | 1.0.0 | 3.72 | 29.58 | 33.30 | NOTE | |
| r-release-linux-x86_64 | 1.0.0 | 3.59 | 29.33 | 32.92 | NOTE | |
| r-release-macos-arm64 | 1.0.0 | NOTE | ||||
| r-release-macos-x86_64 | 1.0.0 | 3.00 | 48.00 | 51.00 | NOTE | |
| r-release-windows-x86_64 | 1.0.0 | 5.00 | 54.00 | 59.00 | NOTE | |
| r-oldrel-macos-arm64 | 1.0.0 | NOTE | ||||
| r-oldrel-macos-x86_64 | 1.0.0 | 2.00 | 36.00 | 38.00 | NOTE | |
| r-oldrel-windows-x86_64 | 1.0.0 | 7.00 | 60.00 | 67.00 | NOTE |
Version: 1.0.0
Check: Rd files
Result: NOTE
checkRd: (-1) cosmos_mongo.Rd:21: Lost braces; missing escapes or markup?
21 | \item{host}{For \code{cosmos_mongo_endpoint}, the URL of the Cosmos DB MongoDB endpoint. Usually of the form "https://{account-name}.mongo.cosmos.azure.com:443/".}
| ^
Flavors: r-devel-linux-x86_64-debian-clang, r-devel-linux-x86_64-debian-gcc, r-devel-linux-x86_64-fedora-clang, r-devel-linux-x86_64-fedora-gcc, r-devel-windows-x86_64, r-patched-linux-x86_64, r-release-linux-x86_64, r-release-macos-arm64, r-release-macos-x86_64, r-release-windows-x86_64, r-oldrel-macos-arm64, r-oldrel-macos-x86_64, r-oldrel-windows-x86_64