CRAN Package Check Results for Package AutoWeatherIndices

Last updated on 2025-11-19 09:48:29 CET.

Flavor Version Tinstall Tcheck Ttotal Status Flags
r-devel-linux-x86_64-debian-clang 0.1.0 1.82 17.96 19.78 OK
r-devel-linux-x86_64-debian-gcc 0.1.0 1.36 14.83 16.19 OK
r-devel-linux-x86_64-fedora-clang 0.1.0 28.99 NOTE
r-devel-linux-x86_64-fedora-gcc 0.1.0 27.71 NOTE
r-devel-windows-x86_64 0.1.0 13.00 39.00 52.00 OK
r-patched-linux-x86_64 0.1.0 1.81 16.87 18.68 OK
r-release-linux-x86_64 0.1.0 1.80 16.95 18.75 OK
r-release-macos-arm64 0.1.0 1.00 14.00 15.00 OK
r-release-macos-x86_64 0.1.0 2.00 19.00 21.00 OK
r-release-windows-x86_64 0.1.0 3.00 36.00 39.00 OK
r-oldrel-macos-arm64 0.1.0 1.00 16.00 17.00 OK
r-oldrel-macos-x86_64 0.1.0 2.00 22.00 24.00 OK
r-oldrel-windows-x86_64 0.1.0 4.00 40.00 44.00 OK

Check Details

Version: 0.1.0
Check: dependencies in R code
Result: NOTE Namespace in Imports field not imported from: ‘Hmisc’ All declared Imports should be used. Flavors: r-devel-linux-x86_64-fedora-clang, r-devel-linux-x86_64-fedora-gcc