Last updated on 2025-11-01 10:49:33 CET.
| Flavor | Version | Tinstall | Tcheck | Ttotal | Status | Flags |
|---|---|---|---|---|---|---|
| r-devel-linux-x86_64-debian-clang | 0.1.4.4 | 176.57 | 201.68 | 378.25 | NOTE | |
| r-devel-linux-x86_64-debian-gcc | 0.1.4.4 | 139.49 | 123.26 | 262.75 | NOTE | |
| r-devel-linux-x86_64-fedora-clang | 0.1.4.4 | 322.00 | 327.79 | 649.79 | NOTE | |
| r-devel-linux-x86_64-fedora-gcc | 0.1.4.4 | 460.00 | 266.49 | 726.49 | NOTE | |
| r-devel-windows-x86_64 | 0.1.4.4 | 174.00 | 232.00 | 406.00 | NOTE | |
| r-patched-linux-x86_64 | 0.1.4.4 | 194.00 | 191.85 | 385.85 | NOTE | |
| r-release-linux-x86_64 | 0.1.4.4 | 189.08 | 193.24 | 382.32 | NOTE | |
| r-release-macos-arm64 | 0.1.4.4 | 81.00 | 78.00 | 159.00 | NOTE | |
| r-release-macos-x86_64 | 0.1.4.4 | 83.00 | 175.00 | 258.00 | NOTE | |
| r-release-windows-x86_64 | 0.1.4.4 | 170.00 | 242.00 | 412.00 | NOTE | |
| r-oldrel-macos-arm64 | 0.1.4.4 | 73.00 | 79.00 | 152.00 | NOTE | |
| r-oldrel-macos-x86_64 | 0.1.4.4 | 67.00 | 130.00 | 197.00 | NOTE | |
| r-oldrel-windows-x86_64 | 0.1.4.4 | 186.00 | 307.00 | 493.00 | NOTE |
Version: 0.1.4.4
Check: CRAN incoming feasibility
Result: NOTE
Maintainer: ‘Cedric Landerer <cedric.landerer@gmail.com>’
No Authors@R field in DESCRIPTION.
Please add one, modifying
Authors@R: c(person(family = "Authors@R",
role = "aut"),
person(given = "Cedric",
family = "Landerer",
role = "cre",
email = "cedric.landerer@gmail.com"))
as necessary.
Flavors: r-devel-linux-x86_64-debian-clang, r-devel-linux-x86_64-debian-gcc
Version: 0.1.4.4
Check: C++ specification
Result: NOTE
Specified C++11: please drop specification unless essential
Flavors: r-devel-linux-x86_64-debian-clang, r-devel-linux-x86_64-debian-gcc, r-devel-linux-x86_64-fedora-clang, r-devel-linux-x86_64-fedora-gcc, r-devel-windows-x86_64, r-patched-linux-x86_64, r-release-linux-x86_64, r-release-macos-arm64, r-release-macos-x86_64, r-release-windows-x86_64, r-oldrel-macos-arm64, r-oldrel-macos-x86_64, r-oldrel-windows-x86_64
Version: 0.1.4.4
Check: installed package size
Result: NOTE
installed size is 27.2Mb
sub-directories of 1Mb or more:
libs 25.7Mb
Flavors: r-oldrel-macos-arm64, r-oldrel-macos-x86_64
Version: 0.1.4.4
Check: LazyData
Result: NOTE
'LazyData' is specified without a 'data' directory
Flavors: r-oldrel-macos-arm64, r-oldrel-macos-x86_64, r-oldrel-windows-x86_64