Last updated on 2024-05-09 10:49:42 CEST.
Flavor | Version | Tinstall | Tcheck | Ttotal | Status | Flags |
---|---|---|---|---|---|---|
r-devel-linux-x86_64-debian-clang | 0.1.2 | 23.21 | 43.71 | 66.92 | NOTE | |
r-devel-linux-x86_64-debian-gcc | 0.1.2 | 17.09 | 33.12 | 50.21 | NOTE | |
r-devel-linux-x86_64-fedora-clang | 0.1.2 | 96.74 | NOTE | |||
r-devel-linux-x86_64-fedora-gcc | 0.1.2 | 102.94 | NOTE | |||
r-devel-windows-x86_64 | 0.1.2 | 19.00 | 71.00 | 90.00 | NOTE | |
r-patched-linux-x86_64 | 0.1.2 | 20.97 | 41.60 | 62.57 | NOTE | |
r-release-linux-x86_64 | 0.1.2 | 25.25 | 41.02 | 66.27 | NOTE | |
r-release-macos-arm64 | 0.1.2 | 31.00 | NOTE | |||
r-release-windows-x86_64 | 0.1.2 | 20.00 | 74.00 | 94.00 | NOTE | |
r-oldrel-macos-arm64 | 0.1.2 | 32.00 | NOTE | |||
r-oldrel-macos-x86_64 | 0.1.2 | 51.00 | NOTE | |||
r-oldrel-windows-x86_64 | 0.1.2 | 19.00 | 85.00 | 104.00 | NOTE |
Version: 0.1.2
Check: C++ specification
Result: NOTE
Specified C++11: please drop specification unless essential
Flavors: r-devel-linux-x86_64-debian-clang, r-devel-linux-x86_64-debian-gcc, r-devel-linux-x86_64-fedora-clang, r-devel-linux-x86_64-fedora-gcc, r-devel-windows-x86_64, r-patched-linux-x86_64, r-release-linux-x86_64, r-release-macos-arm64, r-release-windows-x86_64, r-oldrel-macos-arm64, r-oldrel-macos-x86_64, r-oldrel-windows-x86_64
Version: 0.1.2
Check: LazyData
Result: NOTE
'LazyData' is specified without a 'data' directory
Flavors: r-devel-linux-x86_64-debian-clang, r-devel-linux-x86_64-debian-gcc, r-devel-linux-x86_64-fedora-clang, r-devel-linux-x86_64-fedora-gcc, r-devel-windows-x86_64, r-patched-linux-x86_64, r-release-linux-x86_64, r-release-macos-arm64, r-release-windows-x86_64, r-oldrel-macos-arm64, r-oldrel-macos-x86_64, r-oldrel-windows-x86_64