Last updated on 2025-10-31 09:50:11 CET.
| Flavor | Version | Tinstall | Tcheck | Ttotal | Status | Flags | 
|---|---|---|---|---|---|---|
| r-devel-linux-x86_64-debian-clang | 2.4.1 | 20.90 | 114.42 | 135.32 | NOTE | |
| r-devel-linux-x86_64-debian-gcc | 2.4.1 | 15.14 | 88.01 | 103.15 | NOTE | |
| r-devel-linux-x86_64-fedora-clang | 2.4.1 | 71.00 | 152.37 | 223.37 | OK | |
| r-devel-linux-x86_64-fedora-gcc | 2.4.1 | 42.00 | 167.46 | 209.46 | OK | |
| r-devel-windows-x86_64 | 2.4.1 | 18.00 | 98.00 | 116.00 | OK | |
| r-patched-linux-x86_64 | 2.4.1 | 22.67 | 110.83 | 133.50 | OK | |
| r-release-linux-x86_64 | 2.4.1 | 20.90 | 109.40 | 130.30 | OK | |
| r-release-macos-arm64 | 2.4.1 | 26.00 | 81.00 | 107.00 | OK | |
| r-release-macos-x86_64 | 2.4.1 | 109.00 | 377.00 | 486.00 | OK | |
| r-release-windows-x86_64 | 2.4.1 | 18.00 | 100.00 | 118.00 | OK | |
| r-oldrel-macos-arm64 | 2.4.1 | 16.00 | 54.00 | 70.00 | OK | |
| r-oldrel-macos-x86_64 | 2.4.1 | 17.00 | 78.00 | 95.00 | OK | |
| r-oldrel-windows-x86_64 | 2.4.1 | 24.00 | 128.00 | 152.00 | OK | 
Version: 2.4.1
Check: CRAN incoming feasibility
Result: NOTE
  Maintainer: ‘Rommy C. Olivari <rco1@de.ufpe.br>’
  
  No Authors@R field in DESCRIPTION.
  Please add one, modifying
    Authors@R: c(person(given = c("Rommy", "C."),
                        family = "Olivari",
                        role = c("aut", "cre"),
                        email = "rco1@de.ufpe.br"),
                 person(given = "Kelin",
                        family = "Zhong",
                        role = "aut"),
                 person(given = c("Aldo", "M."),
                        family = "Garay",
                        role = "aut"),
                 person(given = c("Victor", "H."),
                        family = "Lachos",
                        role = "aut"))
  as necessary.
Flavors: r-devel-linux-x86_64-debian-clang, r-devel-linux-x86_64-debian-gcc