CRAN Package Check Results for Package visTree

Last updated on 2025-11-11 11:53:37 CET.

Flavor Version Tinstall Tcheck Ttotal Status Flags
r-devel-linux-x86_64-debian-clang 0.8.1 5.74 80.49 86.23 OK
r-devel-linux-x86_64-debian-gcc 0.8.1 4.86 61.37 66.23 OK
r-devel-linux-x86_64-fedora-clang 0.8.1 13.00 116.16 129.16 NOTE
r-devel-linux-x86_64-fedora-gcc 0.8.1 12.00 126.92 138.92 NOTE
r-devel-windows-x86_64 0.8.1 9.00 86.00 95.00 OK
r-patched-linux-x86_64 0.8.1 6.13 77.65 83.78 OK
r-release-linux-x86_64 0.8.1 6.86 77.59 84.45 OK
r-release-macos-arm64 0.8.1 4.00 48.00 52.00 OK
r-release-macos-x86_64 0.8.1 8.00 84.00 92.00 OK
r-release-windows-x86_64 0.8.1 8.00 85.00 93.00 OK
r-oldrel-macos-arm64 0.8.1 3.00 39.00 42.00 OK
r-oldrel-macos-x86_64 0.8.1 5.00 61.00 66.00 OK
r-oldrel-windows-x86_64 0.8.1 10.00 104.00 114.00 OK

Check Details

Version: 0.8.1
Check: dependencies in R code
Result: NOTE Namespace in Imports field not imported from: ‘rpart’ All declared Imports should be used. Flavors: r-devel-linux-x86_64-fedora-clang, r-devel-linux-x86_64-fedora-gcc