Last updated on 2025-11-11 11:53:37 CET.
| Flavor | Version | Tinstall | Tcheck | Ttotal | Status | Flags |
|---|---|---|---|---|---|---|
| r-devel-linux-x86_64-debian-clang | 0.3.0 | 2.15 | 28.64 | 30.79 | NOTE | |
| r-devel-linux-x86_64-debian-gcc | 0.3.0 | 1.57 | 21.74 | 23.31 | NOTE | |
| r-devel-linux-x86_64-fedora-clang | 0.3.0 | 46.54 | NOTE | |||
| r-devel-linux-x86_64-fedora-gcc | 0.3.0 | 43.09 | NOTE | |||
| r-devel-windows-x86_64 | 0.3.0 | 4.00 | 49.00 | 53.00 | NOTE | |
| r-patched-linux-x86_64 | 0.3.0 | 2.34 | 26.72 | 29.06 | NOTE | |
| r-release-linux-x86_64 | 0.3.0 | 1.89 | 26.79 | 28.68 | NOTE | |
| r-release-macos-arm64 | 0.3.0 | 1.00 | 22.00 | 23.00 | NOTE | |
| r-release-macos-x86_64 | 0.3.0 | 2.00 | 27.00 | 29.00 | NOTE | |
| r-release-windows-x86_64 | 0.3.0 | 3.00 | 48.00 | 51.00 | NOTE | |
| r-oldrel-macos-arm64 | 0.3.0 | 1.00 | 17.00 | 18.00 | OK | |
| r-oldrel-macos-x86_64 | 0.3.0 | 2.00 | 23.00 | 25.00 | OK | |
| r-oldrel-windows-x86_64 | 0.3.0 | 4.00 | 56.00 | 60.00 | OK |
Version: 0.3.0
Check: DESCRIPTION meta-information
Result: NOTE
Missing dependency on R >= 4.1.0 because package code uses the pipe
|> or function shorthand \(...) syntax added in R 4.1.0.
File(s) using such syntax:
‘cusum_failure.Rd’ ‘cusum_loglike.Rd’ ‘cusum_ome.Rd’ ‘cusum_sprt.Rd’
‘paste.R’
Flavors: r-devel-linux-x86_64-debian-clang, r-devel-linux-x86_64-debian-gcc, r-devel-linux-x86_64-fedora-clang, r-devel-linux-x86_64-fedora-gcc, r-devel-windows-x86_64, r-patched-linux-x86_64, r-release-linux-x86_64, r-release-macos-arm64, r-release-macos-x86_64, r-release-windows-x86_64