Last updated on 2025-11-14 10:50:12 CET.
| Flavor | Version | Tinstall | Tcheck | Ttotal | Status | Flags |
|---|---|---|---|---|---|---|
| r-devel-linux-x86_64-debian-clang | 1.0.1 | 3.12 | 29.01 | 32.13 | NOTE | |
| r-devel-linux-x86_64-debian-gcc | 1.0.1 | 2.62 | 22.88 | 25.50 | NOTE | |
| r-devel-linux-x86_64-fedora-clang | 1.0.1 | 50.56 | OK | |||
| r-devel-linux-x86_64-fedora-gcc | 1.0.1 | 47.43 | OK | |||
| r-devel-windows-x86_64 | 1.0.1 | 6.00 | 45.00 | 51.00 | OK | |
| r-patched-linux-x86_64 | 1.0.1 | 3.28 | 27.48 | 30.76 | OK | |
| r-release-linux-x86_64 | 1.0.1 | 3.30 | 27.46 | 30.76 | OK | |
| r-release-macos-arm64 | 1.0.1 | 2.00 | 17.00 | 19.00 | OK | |
| r-release-macos-x86_64 | 1.0.1 | 3.00 | 26.00 | 29.00 | OK | |
| r-release-windows-x86_64 | 1.0.1 | 6.00 | 46.00 | 52.00 | OK | |
| r-oldrel-macos-arm64 | 1.0.1 | 2.00 | 16.00 | 18.00 | OK | |
| r-oldrel-macos-x86_64 | 1.0.1 | 3.00 | 22.00 | 25.00 | OK | |
| r-oldrel-windows-x86_64 | 1.0.1 | 7.00 | 54.00 | 61.00 | OK |
Version: 1.0.1
Check: CRAN incoming feasibility
Result: NOTE
Maintainer: ‘Sophie Kersting <sophie_kersting@gmx.de>’
The Description field contains
Kersting, and L. Kühn (2023) <arXiv:2307.14537>, which provides precise
Please refer to arXiv e-prints via their arXiv DOI <doi:10.48550/arXiv.YYMM.NNNNN>.
Flavors: r-devel-linux-x86_64-debian-clang, r-devel-linux-x86_64-debian-gcc