CRAN Package Check Results for Package spantest

Last updated on 2025-11-16 10:49:58 CET.

Flavor Version Tinstall Tcheck Ttotal Status Flags
r-devel-linux-x86_64-debian-clang 1.1-3 1.67 25.12 26.79 OK
r-devel-linux-x86_64-debian-gcc 1.1-3 1.80 20.07 21.87 OK
r-devel-linux-x86_64-fedora-clang 1.1-3 41.85 NOTE
r-devel-linux-x86_64-fedora-gcc 1.1-3 39.10 NOTE
r-devel-windows-x86_64 1.1-3 7.00 44.00 51.00 OK
r-patched-linux-x86_64 1.1-3 2.69 24.16 26.85 OK
r-release-linux-x86_64 1.1-3 2.48 24.00 26.48 OK
r-release-macos-arm64 1.1-3 1.00 16.00 17.00 OK
r-release-macos-x86_64 1.1-3 2.00 36.00 38.00 OK
r-release-windows-x86_64 1.1-3 3.00 43.00 46.00 OK
r-oldrel-macos-arm64 1.1-3 1.00 20.00 21.00 OK
r-oldrel-macos-x86_64 1.1-3 2.00 31.00 33.00 OK
r-oldrel-windows-x86_64 1.1-3 4.00 50.00 54.00 OK

Check Details

Version: 1.1-3
Check: dependencies in R code
Result: NOTE Namespace in Imports field not imported from: ‘Rdpack’ All declared Imports should be used. Flavors: r-devel-linux-x86_64-fedora-clang, r-devel-linux-x86_64-fedora-gcc