Last updated on 2025-10-25 09:49:44 CEST.
| Flavor | Version | Tinstall | Tcheck | Ttotal | Status | Flags |
|---|---|---|---|---|---|---|
| r-devel-linux-x86_64-debian-clang | 1.0.3 | 1.89 | 124.30 | 126.19 | OK | |
| r-devel-linux-x86_64-debian-gcc | 1.0.3 | 1.47 | 78.79 | 80.26 | OK | |
| r-devel-linux-x86_64-fedora-clang | 1.0.3 | 224.97 | OK | |||
| r-devel-linux-x86_64-fedora-gcc | 1.0.3 | 233.94 | OK | |||
| r-devel-windows-x86_64 | 1.0.3 | 3.00 | 117.00 | 120.00 | OK | |
| r-patched-linux-x86_64 | 1.0.3 | 1.73 | 115.41 | 117.14 | OK | |
| r-release-linux-x86_64 | 1.0.3 | 1.60 | 114.36 | 115.96 | OK | |
| r-release-macos-arm64 | 1.0.3 | 1.00 | 59.00 | 60.00 | OK | |
| r-release-macos-x86_64 | 1.0.3 | 2.00 | 132.00 | 134.00 | OK | |
| r-release-windows-x86_64 | 1.0.3 | 4.00 | 119.00 | 123.00 | OK | |
| r-oldrel-macos-arm64 | 1.0.3 | 1.00 | 54.00 | 55.00 | NOTE | |
| r-oldrel-macos-x86_64 | 1.0.3 | 2.00 | 86.00 | 88.00 | NOTE | |
| r-oldrel-windows-x86_64 | 1.0.3 | 3.00 | 147.00 | 150.00 | NOTE |
Version: 1.0.3
Check: LazyData
Result: NOTE
'LazyData' is specified without a 'data' directory
Flavors: r-oldrel-macos-arm64, r-oldrel-macos-x86_64, r-oldrel-windows-x86_64