Last updated on 2024-07-19 10:56:57 CEST.
Flavor | Version | Tinstall | Tcheck | Ttotal | Status | Flags |
---|---|---|---|---|---|---|
r-devel-linux-x86_64-debian-clang | 0.7.1 | 7.82 | 122.07 | 129.89 | NOTE | |
r-devel-linux-x86_64-debian-gcc | 0.7.1 | 6.49 | 90.67 | 97.16 | NOTE | |
r-devel-linux-x86_64-fedora-clang | 0.7.1 | 163.12 | NOTE | |||
r-devel-linux-x86_64-fedora-gcc | 0.7.1 | 170.02 | NOTE | |||
r-devel-windows-x86_64 | 0.7.1 | 10.00 | 105.00 | 115.00 | NOTE | |
r-patched-linux-x86_64 | 0.7.1 | 7.49 | 113.23 | 120.72 | NOTE | |
r-release-linux-x86_64 | 0.7.1 | 5.61 | 112.23 | 117.84 | NOTE | |
r-release-macos-arm64 | 0.7.1 | 51.00 | NOTE | |||
r-release-macos-x86_64 | 0.7.1 | 82.00 | NOTE | |||
r-release-windows-x86_64 | 0.7.1 | 10.00 | 105.00 | 115.00 | NOTE | |
r-oldrel-macos-arm64 | 0.7.1 | 59.00 | OK | |||
r-oldrel-macos-x86_64 | 0.7.1 | 93.00 | OK | |||
r-oldrel-windows-x86_64 | 0.7.1 | 11.00 | 128.00 | 139.00 | OK |
Version: 0.7.1
Check: Rd files
Result: NOTE
checkRd: (-1) inlandwaters.Rd:14: Lost braces in \itemize; meant \describe ?
checkRd: (-1) inlandwaters.Rd:15: Lost braces in \itemize; meant \describe ?
checkRd: (-1) inlandwaters.Rd:16: Lost braces in \itemize; meant \describe ?
checkRd: (-1) inlandwaters.Rd:17: Lost braces in \itemize; meant \describe ?
checkRd: (-1) inlandwaters.Rd:18: Lost braces in \itemize; meant \describe ?
checkRd: (-1) inlandwaters.Rd:19: Lost braces in \itemize; meant \describe ?
Flavors: r-devel-linux-x86_64-debian-clang, r-devel-linux-x86_64-debian-gcc, r-devel-linux-x86_64-fedora-clang, r-devel-linux-x86_64-fedora-gcc, r-devel-windows-x86_64, r-patched-linux-x86_64, r-release-linux-x86_64, r-release-macos-arm64, r-release-macos-x86_64, r-release-windows-x86_64