Last updated on 2025-11-23 12:50:03 CET.
| Flavor | Version | Tinstall | Tcheck | Ttotal | Status | Flags |
|---|---|---|---|---|---|---|
| r-devel-linux-x86_64-debian-clang | 0.1.2 | 3.88 | 38.18 | 42.06 | OK | |
| r-devel-linux-x86_64-debian-gcc | 0.1.2 | 3.17 | 29.95 | 33.12 | OK | |
| r-devel-linux-x86_64-fedora-clang | 0.1.2 | 62.70 | OK | |||
| r-devel-linux-x86_64-fedora-gcc | 0.1.2 | 74.33 | OK | |||
| r-devel-windows-x86_64 | 0.1.2 | 9.00 | 55.00 | 64.00 | OK | |
| r-patched-linux-x86_64 | 0.1.2 | 4.29 | 35.13 | 39.42 | OK | |
| r-release-linux-x86_64 | 0.1.2 | 4.07 | 35.35 | 39.42 | OK | |
| r-release-macos-arm64 | 0.1.2 | OK | ||||
| r-release-macos-x86_64 | 0.1.2 | 8.00 | 51.00 | 59.00 | OK | |
| r-release-windows-x86_64 | 0.1.2 | 6.00 | 61.00 | 67.00 | OK | |
| r-oldrel-macos-arm64 | 0.1.2 | NOTE | ||||
| r-oldrel-macos-x86_64 | 0.1.2 | 8.00 | 56.00 | 64.00 | NOTE | |
| r-oldrel-windows-x86_64 | 0.1.2 | 6.00 | 66.00 | 72.00 | NOTE |
Version: 0.1.2
Check: installed package size
Result: NOTE
installed size is 5.8Mb
sub-directories of 1Mb or more:
doc 5.1Mb
Flavors: r-oldrel-macos-arm64, r-oldrel-macos-x86_64, r-oldrel-windows-x86_64