Last updated on 2025-10-23 10:48:55 CEST.
Flavor | Version | Tinstall | Tcheck | Ttotal | Status | Flags |
---|---|---|---|---|---|---|
r-devel-linux-x86_64-debian-clang | 9.7 | 89.18 | 37.24 | 126.42 | NOTE | |
r-devel-linux-x86_64-debian-gcc | 9.7 | 70.35 | 29.48 | 99.83 | OK | |
r-devel-linux-x86_64-fedora-clang | 9.7 | 229.00 | 18.85 | 247.85 | OK | |
r-devel-linux-x86_64-fedora-gcc | 9.7 | 233.00 | 8.58 | 241.58 | OK | |
r-devel-windows-x86_64 | 9.7 | 267.00 | 98.00 | 365.00 | OK | |
r-patched-linux-x86_64 | 9.7 | 97.64 | 34.93 | 132.57 | OK | |
r-release-linux-x86_64 | 9.7 | 95.65 | 35.12 | 130.77 | OK | |
r-release-macos-arm64 | 9.7 | 48.00 | 38.00 | 86.00 | OK | |
r-release-macos-x86_64 | 9.7 | 57.00 | 56.00 | 113.00 | WARN | |
r-release-windows-x86_64 | 9.7 | 268.00 | 103.00 | 371.00 | OK | |
r-oldrel-macos-arm64 | 9.7 | 54.00 | 39.00 | 93.00 | NOTE | |
r-oldrel-macos-x86_64 | 9.7 | 62.00 | 72.00 | 134.00 | WARN | |
r-oldrel-windows-x86_64 | 9.7 | 260.00 | 118.00 | 378.00 | NOTE |
Version: 9.7
Check: HTML version of manual
Result: NOTE
Found the following HTML validation problems:
isURL.html:46:1 (isURL.Rd:10): Warning: missing </ul> before </div>
verifyFilename.html:52:1 (verifyFilename.Rd:13): Warning: missing </ul> before </div>
Flavor: r-devel-linux-x86_64-debian-clang
Version: 9.7
Check: whether package can be installed
Result: WARN
Found the following significant warnings:
SingleChromosomeVCFIndex.cpp:109:51: warning: format specifies type 'long' but the argument has type 'int64_t' (aka 'long long') [-Wformat]
See ‘/Volumes/Builds/packages/big-sur-x86_64/results/4.5/seqminer.Rcheck/00install.out’ for details.
* used C compiler: ‘Apple clang version 14.0.3 (clang-1403.0.22.14.1)’
* used C++ compiler: ‘Apple clang version 14.0.3 (clang-1403.0.22.14.1)’
* used SDK: ‘MacOSX11.3.sdk’
Flavor: r-release-macos-x86_64
Version: 9.7
Check: installed package size
Result: NOTE
installed size is 19.3Mb
sub-directories of 1Mb or more:
libs 17.8Mb
Flavors: r-oldrel-macos-arm64, r-oldrel-macos-x86_64
Version: 9.7
Check: for GNU extensions in Makefiles
Result: NOTE
GNU make is a SystemRequirements.
Flavors: r-oldrel-macos-arm64, r-oldrel-macos-x86_64, r-oldrel-windows-x86_64
Version: 9.7
Check: whether package can be installed
Result: WARN
Found the following significant warnings:
SingleChromosomeVCFIndex.cpp:109:51: warning: format specifies type 'long' but the argument has type 'int64_t' (aka 'long long') [-Wformat]
See ‘/Volumes/Builds/packages/big-sur-x86_64/results/4.4/seqminer.Rcheck/00install.out’ for details.
* used C compiler: ‘Apple clang version 14.0.3 (clang-1403.0.22.14.1)’
* used C++ compiler: ‘Apple clang version 14.0.3 (clang-1403.0.22.14.1)’
* used SDK: ‘MacOSX11.3.sdk’
Flavor: r-oldrel-macos-x86_64