CRAN Package Check Results for Package scalreg

Last updated on 2025-11-13 09:51:02 CET.

Flavor Version Tinstall Tcheck Ttotal Status Flags
r-devel-linux-x86_64-debian-clang 1.0.1 1.51 24.68 26.19 NOTE
r-devel-linux-x86_64-debian-gcc 1.0.1 1.51 19.70 21.21 NOTE
r-devel-linux-x86_64-fedora-clang 1.0.1 38.75 OK
r-devel-linux-x86_64-fedora-gcc 1.0.1 37.59 OK
r-devel-windows-x86_64 1.0.1 3.00 50.00 53.00 OK
r-patched-linux-x86_64 1.0.1 2.00 24.14 26.14 OK
r-release-linux-x86_64 1.0.1 1.83 23.67 25.50 OK
r-release-macos-arm64 1.0.1 1.00 20.00 21.00 OK
r-release-macos-x86_64 1.0.1 2.00 34.00 36.00 OK
r-release-windows-x86_64 1.0.1 3.00 49.00 52.00 OK
r-oldrel-macos-arm64 1.0.1 1.00 18.00 19.00 OK
r-oldrel-macos-x86_64 1.0.1 2.00 26.00 28.00 OK
r-oldrel-windows-x86_64 1.0.1 3.00 50.00 53.00 OK

Check Details

Version: 1.0.1
Check: CRAN incoming feasibility
Result: NOTE Maintainer: ‘Tingni Sun <tingni@wharton.upenn.edu>’ No Authors@R field in DESCRIPTION. Please add one, modifying Authors@R: person(given = "Tingni", family = "Sun", role = c("aut", "cre"), email = "tingni@wharton.upenn.edu") as necessary. Flavors: r-devel-linux-x86_64-debian-clang, r-devel-linux-x86_64-debian-gcc