Last updated on 2025-10-24 09:50:16 CEST.
| Flavor | Version | Tinstall | Tcheck | Ttotal | Status | Flags |
|---|---|---|---|---|---|---|
| r-devel-linux-x86_64-debian-clang | 1.0.0.0 | 1.92 | 22.95 | 24.87 | OK | |
| r-devel-linux-x86_64-debian-gcc | 1.0.0.0 | 1.49 | 17.76 | 19.25 | OK | |
| r-devel-linux-x86_64-fedora-clang | 1.0.0.0 | 36.76 | OK | |||
| r-devel-linux-x86_64-fedora-gcc | 1.0.0.0 | 36.35 | OK | |||
| r-devel-windows-x86_64 | 1.0.0.0 | 3.00 | 40.00 | 43.00 | OK | |
| r-patched-linux-x86_64 | 1.0.0.0 | 2.07 | 21.67 | 23.74 | OK | |
| r-release-linux-x86_64 | 1.0.0.0 | 1.88 | 21.88 | 23.76 | OK | |
| r-release-macos-arm64 | 1.0.0.0 | 1.00 | 23.00 | 24.00 | OK | |
| r-release-macos-x86_64 | 1.0.0.0 | 2.00 | 25.00 | 27.00 | OK | |
| r-release-windows-x86_64 | 1.0.0.0 | 2.00 | 42.00 | 44.00 | OK | |
| r-oldrel-macos-arm64 | 1.0.0.0 | 1.00 | 13.00 | 14.00 | NOTE | |
| r-oldrel-macos-x86_64 | 1.0.0.0 | 2.00 | 20.00 | 22.00 | NOTE | |
| r-oldrel-windows-x86_64 | 1.0.0.0 | 3.00 | 47.00 | 50.00 | NOTE |
Version: 1.0.0.0
Check: LazyData
Result: NOTE
'LazyData' is specified without a 'data' directory
Flavors: r-oldrel-macos-arm64, r-oldrel-macos-x86_64, r-oldrel-windows-x86_64