Last updated on 2024-07-16 09:50:23 CEST.
Flavor | Version | Tinstall | Tcheck | Ttotal | Status | Flags |
---|---|---|---|---|---|---|
r-devel-linux-x86_64-debian-clang | 2.5.1 | 24.56 | 490.11 | 514.67 | OK | |
r-devel-linux-x86_64-debian-gcc | 2.5.1 | 18.17 | 346.34 | 364.51 | OK | |
r-devel-linux-x86_64-fedora-clang | 2.5.1 | 600.81 | NOTE | |||
r-devel-linux-x86_64-fedora-gcc | 2.5.1 | 590.83 | OK | |||
r-devel-windows-x86_64 | 2.5.1 | 24.00 | 344.00 | 368.00 | NOTE | |
r-patched-linux-x86_64 | 2.5.1 | 21.70 | 471.11 | 492.81 | OK | |
r-release-linux-x86_64 | 2.5.1 | 14.26 | 470.72 | 484.98 | OK | |
r-release-macos-arm64 | 2.5.1 | 139.00 | NOTE | |||
r-release-macos-x86_64 | 2.5.1 | 232.00 | NOTE | |||
r-release-windows-x86_64 | 2.5.1 | 26.00 | 344.00 | 370.00 | NOTE | |
r-oldrel-macos-arm64 | 2.5.1 | 157.00 | NOTE | |||
r-oldrel-macos-x86_64 | 2.5.1 | 413.00 | NOTE | |||
r-oldrel-windows-x86_64 | 2.5.1 | 33.00 | 446.00 | 479.00 | NOTE |
Version: 2.5.1
Check: installed package size
Result: NOTE
installed size is 17.5Mb
sub-directories of 1Mb or more:
doc 15.2Mb
Flavors: r-devel-linux-x86_64-fedora-clang, r-devel-windows-x86_64, r-release-macos-arm64, r-release-macos-x86_64, r-release-windows-x86_64, r-oldrel-macos-arm64, r-oldrel-macos-x86_64, r-oldrel-windows-x86_64