Last updated on 2025-10-22 09:50:49 CEST.
Flavor | Version | Tinstall | Tcheck | Ttotal | Status | Flags |
---|---|---|---|---|---|---|
r-devel-linux-x86_64-debian-clang | 2.1.5 | 4.26 | 101.59 | 105.85 | NOTE | |
r-devel-linux-x86_64-debian-gcc | 2.1.5 | 2.38 | 76.43 | 78.81 | NOTE | |
r-devel-linux-x86_64-fedora-clang | 2.1.5 | 132.99 | OK | |||
r-devel-linux-x86_64-fedora-gcc | 2.1.5 | 17.00 | 121.18 | 138.18 | OK | |
r-devel-windows-x86_64 | 2.1.5 | 6.00 | 192.00 | 198.00 | OK | |
r-patched-linux-x86_64 | 2.1.5 | 10.93 | 97.00 | 107.93 | OK | |
r-release-linux-x86_64 | 2.1.5 | 4.10 | 97.80 | 101.90 | OK | |
r-release-macos-arm64 | 2.1.5 | 2.00 | 44.00 | 46.00 | OK | |
r-release-macos-x86_64 | 2.1.5 | 3.00 | 64.00 | 67.00 | OK | |
r-release-windows-x86_64 | 2.1.5 | 7.00 | 187.00 | 194.00 | OK | |
r-oldrel-macos-arm64 | 2.1.5 | 2.00 | 44.00 | 46.00 | OK | |
r-oldrel-macos-x86_64 | 2.1.5 | 4.00 | 104.00 | 108.00 | OK | |
r-oldrel-windows-x86_64 | 2.1.5 | 8.00 | 212.00 | 220.00 | OK |
Version: 2.1.5
Check: HTML version of manual
Result: NOTE
Found the following HTML validation problems:
print.status.html:52:1 (print.status.Rd:12): Warning: missing </ul> before </div>
Flavors: r-devel-linux-x86_64-debian-clang, r-devel-linux-x86_64-debian-gcc