Last updated on 2025-10-21 09:48:41 CEST.
Flavor | Version | Tinstall | Tcheck | Ttotal | Status | Flags |
---|---|---|---|---|---|---|
r-devel-linux-x86_64-debian-clang | 0.2.4 | 4.61 | 70.49 | 75.10 | OK | |
r-devel-linux-x86_64-debian-gcc | 0.2.4 | 3.73 | 48.15 | 51.88 | NOTE | |
r-devel-linux-x86_64-fedora-clang | 0.2.4 | 111.63 | OK | |||
r-devel-linux-x86_64-fedora-gcc | 0.2.4 | 121.27 | OK | |||
r-devel-windows-x86_64 | 0.2.4 | 5.00 | 110.00 | 115.00 | OK | |
r-patched-linux-x86_64 | 0.2.4 | 5.05 | 62.96 | 68.01 | OK | |
r-release-linux-x86_64 | 0.2.4 | 3.57 | 63.85 | 67.42 | OK | |
r-release-macos-arm64 | 0.2.4 | 45.00 | OK | |||
r-release-macos-x86_64 | 0.2.4 | 83.00 | OK | |||
r-release-windows-x86_64 | 0.2.4 | 5.00 | 116.00 | 121.00 | OK | |
r-oldrel-macos-arm64 | 0.2.4 | 50.00 | OK | |||
r-oldrel-macos-x86_64 | 0.2.4 | 64.00 | OK | |||
r-oldrel-windows-x86_64 | 0.2.4 | 7.00 | 134.00 | 141.00 | OK |
Version: 0.2.4
Check: HTML version of manual
Result: NOTE
Found the following HTML validation problems:
po_compile.html:62:1 (po_compile.Rd:18): Warning: missing </ul> before </div>
po_create.html:66:1 (po_create.Rd:21): Warning: missing </ul> before </div>
po_explain_plurals.html:55:1 (po_explain_plurals.Rd:14): Warning: missing </ul> before </div>
po_update.html:84:1 (po_update.Rd:17): Warning: missing </ul> before </div>
Flavor: r-devel-linux-x86_64-debian-gcc