Last updated on 2024-08-10 09:48:18 CEST.
Flavor | Version | Tinstall | Tcheck | Ttotal | Status | Flags |
---|---|---|---|---|---|---|
r-devel-linux-x86_64-debian-clang | 6.0 | 8.31 | 63.74 | 72.05 | OK | |
r-devel-linux-x86_64-debian-gcc | 6.0 | 5.77 | 44.63 | 50.40 | OK | |
r-devel-linux-x86_64-fedora-clang | 6.0 | 120.47 | NOTE | |||
r-devel-linux-x86_64-fedora-gcc | 6.0 | 107.96 | OK | |||
r-devel-windows-x86_64 | 6.0 | 11.00 | 80.00 | 91.00 | OK | |
r-patched-linux-x86_64 | 6.0 | 8.39 | 59.94 | 68.33 | OK | |
r-release-linux-x86_64 | 6.0 | 7.66 | 60.75 | 68.41 | OK | |
r-release-macos-arm64 | 6.0 | 33.00 | OK | |||
r-release-macos-x86_64 | 6.0 | 50.00 | OK | |||
r-release-windows-x86_64 | 6.0 | 10.00 | 79.00 | 89.00 | OK | |
r-oldrel-macos-arm64 | 6.0 | 35.00 | OK | |||
r-oldrel-macos-x86_64 | 6.0 | 86.00 | OK | |||
r-oldrel-windows-x86_64 | 6.0 | 12.00 | 95.00 | 107.00 | OK |
Version: 6.0
Check: Rd cross-references
Result: NOTE
Undeclared packages ‘fracdiff’, ‘fGarch’, ‘tseries’ in Rd xrefs
Flavor: r-devel-linux-x86_64-fedora-clang