Last updated on 2025-11-12 10:52:52 CET.
| Flavor | Version | Tinstall | Tcheck | Ttotal | Status | Flags |
|---|---|---|---|---|---|---|
| r-devel-linux-x86_64-debian-clang | 1.1.7 | 492.26 | 946.31 | 1438.57 | OK | |
| r-devel-linux-x86_64-debian-gcc | 1.1.7 | 326.03 | 512.97 | 839.00 | OK | |
| r-devel-linux-x86_64-fedora-clang | 1.1.7 | 1500.00 | 975.08 | 2475.08 | OK | |
| r-devel-linux-x86_64-fedora-gcc | 1.1.7 | 1320.00 | 1214.10 | 2534.10 | OK | |
| r-devel-windows-x86_64 | 1.1.7 | 505.00 | 603.00 | 1108.00 | OK | |
| r-patched-linux-x86_64 | 1.1.7 | 485.28 | 916.16 | 1401.44 | OK | |
| r-release-linux-x86_64 | 1.1.7 | 570.19 | 909.36 | 1479.55 | OK | |
| r-release-macos-arm64 | 1.1.7 | 177.00 | 139.00 | 316.00 | OK | |
| r-release-macos-x86_64 | 1.1.7 | 423.00 | 366.00 | 789.00 | OK | |
| r-release-windows-x86_64 | 1.1.7 | 515.00 | 601.00 | 1116.00 | OK | |
| r-oldrel-macos-arm64 | 1.1.7 | 179.00 | 147.00 | 326.00 | NOTE | |
| r-oldrel-macos-x86_64 | 1.1.7 | 476.00 | 374.00 | 850.00 | NOTE | |
| r-oldrel-windows-x86_64 | 1.1.7 | 675.00 | 871.00 | 1546.00 | NOTE |
Version: 1.1.7
Check: installed package size
Result: NOTE
installed size is 13.4Mb
sub-directories of 1Mb or more:
R 7.1Mb
data 5.2Mb
Flavors: r-oldrel-macos-arm64, r-oldrel-macos-x86_64, r-oldrel-windows-x86_64