Last updated on 2025-10-22 09:50:45 CEST.
Flavor | Version | Tinstall | Tcheck | Ttotal | Status | Flags |
---|---|---|---|---|---|---|
r-devel-linux-x86_64-debian-clang | 1.0.2 | 10.20 | 76.29 | 86.49 | NOTE | |
r-devel-linux-x86_64-debian-gcc | 1.0.2 | 7.61 | 54.76 | 62.37 | NOTE | |
r-devel-linux-x86_64-fedora-clang | 1.0.2 | 24.00 | 105.00 | 129.00 | OK | |
r-devel-linux-x86_64-fedora-gcc | 1.0.2 | 22.00 | 104.09 | 126.09 | OK | |
r-devel-windows-x86_64 | 1.0.2 | 11.00 | 87.00 | 98.00 | OK | |
r-patched-linux-x86_64 | 1.0.2 | 9.36 | 70.97 | 80.33 | OK | |
r-release-linux-x86_64 | 1.0.2 | 9.86 | 70.60 | 80.46 | OK | |
r-release-macos-arm64 | 1.0.2 | 4.00 | 29.00 | 33.00 | OK | |
r-release-macos-x86_64 | 1.0.2 | 7.00 | 53.00 | 60.00 | OK | |
r-release-windows-x86_64 | 1.0.2 | 12.00 | 87.00 | 99.00 | OK | |
r-oldrel-macos-arm64 | 1.0.2 | 3.00 | 27.00 | 30.00 | OK | |
r-oldrel-macos-x86_64 | 1.0.2 | 6.00 | 43.00 | 49.00 | OK | |
r-oldrel-windows-x86_64 | 1.0.2 | 15.00 | 105.00 | 120.00 | OK |
Version: 1.0.2
Check: CRAN incoming feasibility
Result: NOTE
Maintainer: ‘Lu Zhang <luzhangstat@gmail.com>’
No Authors@R field in DESCRIPTION.
Please add one, modifying
Authors@R: c(person(given = "Lu",
family = "Zhang",
role = c("aut", "cre"),
email = "luzhangstat@gmail.com"),
person(given = "Jun",
family = "Yin",
role = "aut"))
as necessary.
Flavors: r-devel-linux-x86_64-debian-clang, r-devel-linux-x86_64-debian-gcc
Version: 1.0.2
Check: HTML version of manual
Result: NOTE
Found the following HTML validation problems:
patlist.display.html:71:1 (patlist.display.Rd:21): Warning: missing </ul> before </div>
print.summary.RunPRMD.html:53:1 (print.summary.RunPRMD.Rd:12): Warning: missing </ul> before </div>
print.summary.SimPRMD.html:51:1 (print.summary.SimPRMD.Rd:12): Warning: missing </ul> before </div>
Flavors: r-devel-linux-x86_64-debian-clang, r-devel-linux-x86_64-debian-gcc