Last updated on 2025-11-14 10:50:04 CET.
| Flavor | Version | Tinstall | Tcheck | Ttotal | Status | Flags |
|---|---|---|---|---|---|---|
| r-devel-linux-x86_64-debian-clang | 0.2-3 | 6.42 | 66.40 | 72.82 | NOTE | |
| r-devel-linux-x86_64-debian-gcc | 0.2-3 | 5.32 | 48.91 | 54.23 | NOTE | |
| r-devel-linux-x86_64-fedora-clang | 0.2-3 | 37.00 | 81.33 | 118.33 | NOTE | |
| r-devel-linux-x86_64-fedora-gcc | 0.2-3 | 24.00 | 90.62 | 114.62 | NOTE | |
| r-devel-windows-x86_64 | 0.2-3 | 11.00 | 74.00 | 85.00 | NOTE | |
| r-patched-linux-x86_64 | 0.2-3 | 7.03 | 62.21 | 69.24 | NOTE | |
| r-release-linux-x86_64 | 0.2-3 | 5.99 | 62.98 | 68.97 | NOTE | |
| r-release-macos-arm64 | 0.2-3 | 5.00 | 32.00 | 37.00 | NOTE | |
| r-release-macos-x86_64 | 0.2-3 | 9.00 | 56.00 | 65.00 | NOTE | |
| r-release-windows-x86_64 | 0.2-3 | 12.00 | 74.00 | 86.00 | NOTE | |
| r-oldrel-macos-arm64 | 0.2-3 | 5.00 | 29.00 | 34.00 | NOTE | |
| r-oldrel-macos-x86_64 | 0.2-3 | 9.00 | 47.00 | 56.00 | NOTE | |
| r-oldrel-windows-x86_64 | 0.2-3 | 15.00 | 87.00 | 102.00 | NOTE |
Version: 0.2-3
Check: Rd files
Result: NOTE
checkRd: (-1) PatentsRD.Rd:4: Escaped LaTeX specials: \&
checkRd: (-1) PatentsRD.Rd:30: Escaped LaTeX specials: \&
checkRd: (-1) PatentsRDUS.Rd:4: Escaped LaTeX specials: \&
Flavors: r-devel-linux-x86_64-debian-clang, r-devel-linux-x86_64-debian-gcc, r-devel-linux-x86_64-fedora-clang, r-devel-linux-x86_64-fedora-gcc, r-devel-windows-x86_64, r-patched-linux-x86_64, r-release-linux-x86_64, r-release-macos-arm64, r-release-macos-x86_64, r-release-windows-x86_64, r-oldrel-macos-arm64, r-oldrel-macos-x86_64, r-oldrel-windows-x86_64